CRAN Package Check Results for Package arulesCBA

Last updated on 2021-06-17 20:51:45 CEST.

Flavor Version Tinstall Tcheck Ttotal Status Flags
r-devel-linux-x86_64-debian-clang 1.2.0 12.65 111.32 123.97 OK
r-devel-linux-x86_64-debian-gcc 1.2.0 8.58 84.37 92.95 OK
r-devel-linux-x86_64-fedora-clang 1.2.0 154.07 OK
r-devel-linux-x86_64-fedora-gcc 1.2.0 153.00 OK
r-devel-windows-x86_64 1.2.0 17.00 108.00 125.00 OK
r-devel-windows-x86_64-gcc10-UCRT 1.2.0 OK
r-patched-linux-x86_64 1.2.0 11.81 106.17 117.98 OK
r-patched-solaris-x86 1.2.0 200.80 NOTE
r-release-linux-x86_64 1.2.0 10.02 107.34 117.36 OK
r-release-macos-arm64 1.2.0 ERROR
r-release-macos-x86_64 1.2.0 OK
r-release-windows-ix86+x86_64 1.2.0 25.00 191.00 216.00 OK
r-oldrel-macos-x86_64 1.2.0 OK
r-oldrel-windows-ix86+x86_64 1.2.0 20.00 193.00 213.00 OK

Check Details

Version: 1.2.0
Check: package dependencies
Result: NOTE
    Package suggested but not available for checking: ‘RWeka’
Flavor: r-patched-solaris-x86

Version: 1.2.0
Check: tests
Result: ERROR
     Running ‘testthat.R’ [6s/7s]
    Running the tests in ‘tests/testthat.R’ failed.
    Last 13 lines of output:
     Class:
     Default Class: setosa
     Number of rules: 9
     Classification method: weighted by laplace - using best 5 rules
     Description: FOIL-based classifier (Yin and Han, 2003)
    
     Accuracy: 0.953
     CBA Classifier Object
     Class:
     Default Class: NA
     Number of rules: 8
     Classification method: logit
     Description: RCAR+ based on RCAR (Azmi et al., 2019)
    
     Accuracy: 0.96
Flavor: r-release-macos-arm64