CRAN Package Check Results for Package arrow

Last updated on 2020-10-26 09:48:34 CET.

Flavor Version Tinstall Tcheck Ttotal Status Flags
r-devel-linux-x86_64-debian-clang 2.0.0 1465.78 100.27 1566.05 OK
r-devel-linux-x86_64-debian-gcc 2.0.0 1065.09 74.99 1140.08 OK
r-devel-linux-x86_64-fedora-clang 2.0.0 2335.04 NOTE
r-devel-linux-x86_64-fedora-gcc 2.0.0 1847.95 OK
r-devel-windows-ix86+x86_64 2.0.0 450.00 265.00 715.00 NOTE
r-patched-linux-x86_64 2.0.0 1283.78 94.23 1378.01 OK
r-release-linux-x86_64 2.0.0 1273.46 93.53 1366.99 OK
r-release-macos-x86_64 2.0.0 NOTE
r-release-windows-ix86+x86_64 2.0.0 374.00 236.00 610.00 NOTE
r-oldrel-macos-x86_64 2.0.0 NOTE
r-oldrel-windows-ix86+x86_64 2.0.0 395.00 201.00 596.00 NOTE

Check Details

Version: 2.0.0
Check: installed package size
Result: NOTE
     installed size is 37.2Mb
     sub-directories of 1Mb or more:
     R 3.4Mb
     libs 33.3Mb
Flavors: r-devel-linux-x86_64-fedora-clang, r-devel-windows-ix86+x86_64, r-release-macos-x86_64, r-release-windows-ix86+x86_64, r-oldrel-macos-x86_64, r-oldrel-windows-ix86+x86_64