Last updated on 2022-06-25 11:52:29 CEST.
Flavor | Version | Tinstall | Tcheck | Ttotal | Status | Flags |
---|---|---|---|---|---|---|
r-devel-linux-x86_64-debian-clang | 8.0.0 | 2995.71 | 271.34 | 3267.05 | OK | |
r-devel-linux-x86_64-debian-gcc | 8.0.0 | 2453.68 | 199.25 | 2652.93 | OK | |
r-devel-linux-x86_64-fedora-clang | 8.0.0 | 4421.33 | NOTE | |||
r-devel-linux-x86_64-fedora-gcc | 8.0.0 | 3773.75 | OK | |||
r-devel-windows-x86_64 | 8.0.0 | 695.00 | 602.00 | 1297.00 | NOTE | |
r-patched-linux-x86_64 | 8.0.0 | 2539.84 | 273.85 | 2813.69 | OK | |
r-release-linux-x86_64 | 8.0.0 | 2517.39 | 270.70 | 2788.09 | OK | |
r-release-macos-arm64 | 8.0.0 | 205.00 | NOTE | |||
r-release-macos-x86_64 | 8.0.0 | 353.00 | NOTE | |||
r-release-windows-x86_64 | 8.0.0 | 859.00 | 582.00 | 1441.00 | NOTE | |
r-oldrel-macos-arm64 | 8.0.0 | 209.00 | NOTE | |||
r-oldrel-macos-x86_64 | 8.0.0 | 307.00 | NOTE | |||
r-oldrel-windows-ix86+x86_64 | 8.0.0 | 798.00 | 728.00 | 1526.00 | NOTE |
Version: 8.0.0
Check: installed package size
Result: NOTE
installed size is 58.8Mb
sub-directories of 1Mb or more:
R 4.0Mb
libs 53.6Mb
Flavors: r-devel-linux-x86_64-fedora-clang, r-devel-windows-x86_64, r-release-macos-arm64, r-release-macos-x86_64, r-release-windows-x86_64, r-oldrel-macos-arm64, r-oldrel-macos-x86_64, r-oldrel-windows-ix86+x86_64