Last updated on 2023-12-06 16:53:04 CET.
Flavor | Version | Tinstall | Tcheck | Ttotal | Status | Flags |
---|---|---|---|---|---|---|
r-devel-linux-x86_64-debian-clang | 3.3.0 | 28.17 | 205.84 | 234.01 | NOTE | |
r-devel-linux-x86_64-debian-gcc | 3.3.0 | 25.63 | 154.51 | 180.14 | NOTE | |
r-devel-linux-x86_64-fedora-clang | 3.3.0 | 315.96 | NOTE | |||
r-devel-linux-x86_64-fedora-gcc | 3.3.0 | 310.68 | NOTE | |||
r-devel-windows-x86_64 | 3.3.0 | 29.00 | 188.00 | 217.00 | NOTE | |
r-patched-linux-x86_64 | 3.3.0 | 33.93 | 200.91 | 234.84 | NOTE | |
r-release-linux-x86_64 | 3.3.0 | 31.84 | 196.97 | 228.81 | NOTE | |
r-release-macos-arm64 | 3.3.0 | 8.00 | ERROR | |||
r-release-macos-x86_64 | 3.3.0 | 88.00 | NOTE | |||
r-release-windows-x86_64 | 3.3.0 | 39.00 | 218.00 | 257.00 | NOTE | |
r-oldrel-macos-arm64 | 3.3.0 | 87.00 | NOTE | |||
r-oldrel-macos-x86_64 | 3.3.0 | 98.00 | NOTE | |||
r-oldrel-windows-x86_64 | 3.3.0 | 37.00 | 197.00 | 234.00 | NOTE |
Version: 3.3.0
Check: package dependencies
Result: NOTE
Packages suggested but not available for checking:
'sfit', 'expectile', 'HaarSeg', 'mpcbs'
Flavors: r-devel-linux-x86_64-debian-clang, r-devel-linux-x86_64-debian-gcc, r-devel-linux-x86_64-fedora-clang, r-devel-linux-x86_64-fedora-gcc, r-devel-windows-x86_64, r-patched-linux-x86_64, r-release-linux-x86_64, r-release-windows-x86_64, r-oldrel-macos-arm64, r-oldrel-macos-x86_64, r-oldrel-windows-x86_64
Version: 3.3.0
Check: Rd files
Result: NOTE
checkRd: (-1) colBinnedSmoothing.matrix.Rd:64: Lost braces in \itemize; \value handles \item{}{} directly
checkRd: (-1) colBinnedSmoothing.matrix.Rd:65: Lost braces in \itemize; \value handles \item{}{} directly
checkRd: (-1) colBinnedSmoothing.matrix.Rd:66-67: Lost braces in \itemize; \value handles \item{}{} directly
checkRd: (-1) colBinnedSmoothing.matrix.Rd:68: Lost braces in \itemize; \value handles \item{}{} directly
Flavors: r-devel-linux-x86_64-debian-clang, r-devel-linux-x86_64-debian-gcc
Version: 3.3.0
Check: Rd \usage sections
Result: NOTE
Documented arguments not in \usage in Rd file 'fit.CopyNumberSegmentationModel.Rd':
‘chromosome’
Documented arguments not in \usage in Rd file 'getPath.Explorer.Rd':
‘create’
Documented arguments not in \usage in Rd file 'process.AromaTransform.Rd':
‘force’ ‘verbose’
Documented arguments not in \usage in Rd file 'process.ChromosomeExplorer.Rd':
‘chromosome’
Documented arguments not in \usage in Rd file 'process.Explorer.Rd':
‘arrays’ ‘verbose’
Documented arguments not in \usage in Rd file 'setArrays.Explorer.Rd':
‘arrays’
Functions with \usage entries need to have the appropriate \alias
entries, and all their arguments documented.
The \usage entries must correspond to syntactically valid R code.
See chapter ‘Writing R documentation files’ in the ‘Writing R
Extensions’ manual.
Flavors: r-devel-linux-x86_64-debian-clang, r-devel-linux-x86_64-debian-gcc, r-devel-linux-x86_64-fedora-clang, r-devel-linux-x86_64-fedora-gcc, r-devel-windows-x86_64
Version: 3.3.0
Check: package dependencies
Result: ERROR
Package required but not available: ‘PSCBS’
Packages suggested but not available for checking:
'aroma.light', 'GLAD', 'sfit', 'expectile', 'HaarSeg', 'mpcbs'
See section ‘The DESCRIPTION file’ in the ‘Writing R Extensions’
manual.
Flavor: r-release-macos-arm64
Version: 3.3.0
Check: package dependencies
Result: NOTE
Packages suggested but not available for checking:
'GLAD', 'sfit', 'expectile', 'HaarSeg', 'mpcbs'
Flavor: r-release-macos-x86_64
Version: 3.3.0
Check: Rd cross-references
Result: NOTE
Package unavailable to check Rd xrefs: ‘GLAD’
Flavor: r-release-macos-x86_64