Last updated on 2023-12-06 18:52:37 CET.
Flavor | Version | Tinstall | Tcheck | Ttotal | Status | Flags |
---|---|---|---|---|---|---|
r-devel-linux-x86_64-debian-clang | 1.7.0 | 13.87 | 87.54 | 101.41 | NOTE | |
r-devel-linux-x86_64-debian-gcc | 1.7.0 | 11.30 | 66.62 | 77.92 | NOTE | |
r-devel-linux-x86_64-fedora-clang | 1.7.0 | 129.20 | NOTE | |||
r-devel-linux-x86_64-fedora-gcc | 1.7.0 | 122.03 | NOTE | |||
r-devel-windows-x86_64 | 1.7.0 | 13.00 | 82.00 | 95.00 | NOTE | |
r-patched-linux-x86_64 | 1.7.0 | 11.17 | 84.68 | 95.85 | OK | |
r-release-linux-x86_64 | 1.7.0 | 14.49 | 87.16 | 101.65 | OK | |
r-release-macos-arm64 | 1.7.0 | 5.00 | ERROR | |||
r-release-macos-x86_64 | 1.7.0 | 67.00 | NOTE | |||
r-release-windows-x86_64 | 1.7.0 | 17.00 | 99.00 | 116.00 | OK | |
r-oldrel-macos-arm64 | 1.7.0 | 39.00 | OK | |||
r-oldrel-macos-x86_64 | 1.7.0 | 50.00 | OK | |||
r-oldrel-windows-x86_64 | 1.7.0 | 18.00 | 102.00 | 120.00 | OK |
Version: 1.7.0
Check: Rd \usage sections
Result: NOTE
Documented arguments not in \usage in Rd file 'fitOne.MultiSourceCopyNumberNormalization.Rd':
‘name’
Functions with \usage entries need to have the appropriate \alias
entries, and all their arguments documented.
The \usage entries must correspond to syntactically valid R code.
See chapter ‘Writing R documentation files’ in the ‘Writing R
Extensions’ manual.
Flavors: r-devel-linux-x86_64-debian-clang, r-devel-linux-x86_64-debian-gcc, r-devel-linux-x86_64-fedora-clang, r-devel-linux-x86_64-fedora-gcc, r-devel-windows-x86_64
Version: 1.7.0
Check: package dependencies
Result: ERROR
Packages required but not available: 'aroma.core', 'PSCBS'
Packages suggested but not available for checking: 'aroma.light', 'GLAD'
See section ‘The DESCRIPTION file’ in the ‘Writing R Extensions’
manual.
Flavor: r-release-macos-arm64
Version: 1.7.0
Check: package dependencies
Result: NOTE
Package suggested but not available for checking: ‘GLAD’
Flavor: r-release-macos-x86_64