CRAN Package Check Results for Package aroma.apd

Last updated on 2023-12-06 16:53:04 CET.

Flavor Version Tinstall Tcheck Ttotal Status Flags
r-devel-linux-x86_64-debian-clang 0.7.0 4.03 37.71 41.74 OK
r-devel-linux-x86_64-debian-gcc 0.7.0 3.09 29.60 32.69 OK
r-devel-linux-x86_64-fedora-clang 0.7.0 53.68 OK
r-devel-linux-x86_64-fedora-gcc 0.7.0 50.33 OK
r-devel-windows-x86_64 0.7.0 4.00 74.00 78.00 OK
r-patched-linux-x86_64 0.7.0 4.83 36.83 41.66 OK
r-release-linux-x86_64 0.7.0 3.17 37.01 40.18 OK
r-release-macos-arm64 0.7.0 21.00 NOTE
r-release-macos-x86_64 0.7.0 41.00 NOTE
r-release-windows-x86_64 0.7.0 4.00 93.00 97.00 OK
r-oldrel-macos-arm64 0.7.0 25.00 OK
r-oldrel-macos-x86_64 0.7.0 35.00 OK
r-oldrel-windows-x86_64 0.7.0 5.00 66.00 71.00 OK

Check Details

Version: 0.7.0
Check: package dependencies
Result: NOTE Package suggested but not available for checking: ‘affxparser’ Flavors: r-release-macos-arm64, r-release-macos-x86_64

Version: 0.7.0
Check: Rd cross-references
Result: NOTE Package unavailable to check Rd xrefs: ‘affxparser’ Flavors: r-release-macos-arm64, r-release-macos-x86_64