CRAN Package Check Results for Package aroma.affymetrix

Last updated on 2022-12-02 11:49:24 CET.

Flavor Version Tinstall Tcheck Ttotal Status Flags
r-devel-linux-x86_64-debian-clang 3.2.1 61.59 363.53 425.12 OK
r-devel-linux-x86_64-debian-gcc 3.2.1 45.31 260.81 306.12 OK
r-devel-linux-x86_64-fedora-clang 3.2.1 562.34 NOTE
r-devel-linux-x86_64-fedora-gcc 3.2.1 546.76 OK
r-devel-windows-x86_64 3.2.1 3063.00 478.00 3541.00 NOTE
r-patched-linux-x86_64 3.2.1 65.58 315.49 381.07 OK
r-release-linux-x86_64 3.2.1 54.50 322.34 376.84 OK
r-release-macos-arm64 3.2.1 110.00 NOTE
r-release-macos-x86_64 3.2.1 140.00 NOTE
r-release-windows-x86_64 3.2.1 1684.00 419.00 2103.00 NOTE
r-oldrel-macos-arm64 3.2.1 101.00 NOTE
r-oldrel-macos-x86_64 3.2.1 147.00 NOTE
r-oldrel-windows-ix86+x86_64 3.2.1 97.00 331.00 428.00 NOTE

Check Details

Version: 3.2.1
Check: installed package size
Result: NOTE
     installed size is 5.8Mb
     sub-directories of 1Mb or more:
     R 2.3Mb
     help 1.1Mb
     testScripts 1.3Mb
Flavors: r-devel-linux-x86_64-fedora-clang, r-devel-windows-x86_64, r-release-macos-arm64, r-release-macos-x86_64, r-release-windows-x86_64, r-oldrel-macos-arm64, r-oldrel-macos-x86_64, r-oldrel-windows-ix86+x86_64

Version: 3.2.1
Check: package dependencies
Result: NOTE
    Packages suggested but not available for checking:
     'affxparser', 'oligo', 'oligoClasses', 'pdInfoBuilder',
     'AffymetrixDataTestFiles'
Flavor: r-release-macos-arm64

Version: 3.2.1
Check: Rd cross-references
Result: NOTE
    Packages unavailable to check Rd xrefs: ‘affxparser’, ‘oligo’, ‘oligoClasses’
Flavor: r-release-macos-arm64