Last updated on 2023-01-30 23:56:09 CET.
Flavor | Version | Tinstall | Tcheck | Ttotal | Status | Flags |
---|---|---|---|---|---|---|
r-devel-linux-x86_64-debian-clang | 0.0.2 | 40.17 | 34.48 | 74.65 | NOTE | |
r-devel-linux-x86_64-debian-gcc | 0.0.2 | 27.21 | 26.15 | 53.36 | NOTE | |
r-devel-linux-x86_64-fedora-clang | 0.0.2 | 105.73 | NOTE | |||
r-devel-linux-x86_64-fedora-gcc | 0.0.2 | 101.71 | NOTE | |||
r-devel-windows-x86_64 | 0.0.2 | 40.00 | 85.00 | 125.00 | NOTE | |
r-patched-linux-x86_64 | 0.0.2 | 32.48 | 33.52 | 66.00 | NOTE | |
r-release-linux-x86_64 | 0.0.2 | 32.85 | 34.32 | 67.17 | NOTE | |
r-release-macos-arm64 | 0.0.2 | 31.00 | NOTE | |||
r-release-macos-x86_64 | 0.0.2 | 42.00 | NOTE | |||
r-release-windows-x86_64 | 0.0.2 | 38.00 | 94.00 | 132.00 | NOTE | |
r-oldrel-macos-arm64 | 0.0.2 | 34.00 | NOTE | |||
r-oldrel-macos-x86_64 | 0.0.2 | 60.00 | NOTE | |||
r-oldrel-windows-ix86+x86_64 | 0.0.2 | 91.00 | 92.00 | 183.00 | NOTE |
Version: 0.0.2
Check: LazyData
Result: NOTE
'LazyData' is specified without a 'data' directory
Flavors: r-devel-linux-x86_64-debian-clang, r-devel-linux-x86_64-debian-gcc, r-devel-linux-x86_64-fedora-clang, r-devel-linux-x86_64-fedora-gcc, r-devel-windows-x86_64, r-patched-linux-x86_64, r-release-linux-x86_64, r-release-macos-arm64, r-release-macos-x86_64, r-release-windows-x86_64, r-oldrel-macos-arm64, r-oldrel-macos-x86_64, r-oldrel-windows-ix86+x86_64
Version: 0.0.2
Check: C++ specification
Result: NOTE
Specified C++11: please update to current default of C++17
Flavors: r-devel-linux-x86_64-debian-gcc, r-devel-linux-x86_64-fedora-clang, r-devel-linux-x86_64-fedora-gcc, r-devel-windows-x86_64