CRAN Package Check Results for Package arkhe

Last updated on 2020-02-28 02:51:14 CET.

Flavor Version Tinstall Tcheck Ttotal Status Flags
r-devel-linux-x86_64-debian-clang 0.2.1 7.74 39.21 46.95 OK
r-devel-linux-x86_64-debian-gcc 0.2.1 5.80 30.69 36.49 OK
r-devel-linux-x86_64-fedora-clang 0.2.1 57.73 OK
r-devel-linux-x86_64-fedora-gcc 0.2.1 59.17 OK
r-devel-windows-ix86+x86_64 0.2.1 12.00 51.00 63.00 OK
r-devel-windows-ix86+x86_64-gcc8 0.2.1 12.00 51.00 63.00 OK
r-patched-linux-x86_64 0.2.1 6.43 35.29 41.72 OK
r-patched-solaris-x86 0.2.1 74.40 WARN
r-release-linux-x86_64 0.2.1 6.89 35.43 42.32 OK
r-release-windows-ix86+x86_64 0.2.1 11.00 47.00 58.00 OK
r-release-osx-x86_64 0.2.1 WARN
r-oldrel-windows-ix86+x86_64 0.2.1 10.00 47.00 57.00 OK
r-oldrel-osx-x86_64 0.2.1 WARN

Check Details

Version: 0.2.1
Check: re-building of vignette outputs
Result: WARN
    Error(s) in re-building vignettes:
     ...
    --- re-building ‘arkhe.Rmd’ using rmarkdown
    Warning in engine$weave(file, quiet = quiet, encoding = enc) :
     Pandoc (>= 1.12.3) and/or pandoc-citeproc not available. Falling back to R Markdown v1.
    PhantomJS not found. You can install it with webshot::install_phantomjs(). If it is installed, please make sure the phantomjs executable can be found via the PATH variable.
    Warning in normalizePath(f2) :
     path[1]="webshot5e4a5f915efe.png": No such file or directory
    Warning in file(con, "rb") :
     cannot open file 'webshot5e4a5f915efe.png': No such file or directory
    Quitting from lines 46-70 (arkhe.Rmd)
    Error: processing vignette 'arkhe.Rmd' failed with diagnostics:
    cannot open the connection
    --- failed re-building ‘arkhe.Rmd’
    
    SUMMARY: processing the following file failed:
     ‘arkhe.Rmd’
    
    Error: Vignette re-building failed.
    Execution halted
Flavor: r-patched-solaris-x86

Version: 0.2.1
Check: re-building of vignette outputs
Result: WARN
    Error(s) in re-building vignettes:
     ...
    --- re-building ‘arkhe.Rmd’ using rmarkdown
    Warning in engine$weave(file, quiet = quiet, encoding = enc) :
     Pandoc (>= 1.12.3) and/or pandoc-citeproc not available. Falling back to R Markdown v1.
    PhantomJS not found. You can install it with webshot::install_phantomjs(). If it is installed, please make sure the phantomjs executable can be found via the PATH variable.
    Warning in normalizePath(f2) :
     path[1]="webshot2f253e2f778e.png": No such file or directory
    Warning in file(con, "rb") :
     cannot open file 'webshot2f253e2f778e.png': No such file or directory
    Quitting from lines 46-70 (arkhe.Rmd)
    Error: processing vignette 'arkhe.Rmd' failed with diagnostics:
    cannot open the connection
    --- failed re-building ‘arkhe.Rmd’
    
    SUMMARY: processing the following file failed:
     ‘arkhe.Rmd’
    
    Error: Vignette re-building failed.
    Execution halted
Flavor: r-release-osx-x86_64

Version: 0.2.1
Check: re-building of vignette outputs
Result: WARN
    Error in re-building vignettes:
     ...
    Warning in engine$weave(file, quiet = quiet, encoding = enc) :
     Pandoc (>= 1.12.3) and/or pandoc-citeproc not available. Falling back to R Markdown v1.
    PhantomJS not found. You can install it with webshot::install_phantomjs(). If it is installed, please make sure the phantomjs executable can be found via the PATH variable.
    Warning in normalizePath(f2) :
     path[1]="webshot115d55b15e184.png": No such file or directory
    Warning in file(con, "rb") :
     cannot open file 'webshot115d55b15e184.png': No such file or directory
    Quitting from lines 46-70 (arkhe.Rmd)
    Error: processing vignette 'arkhe.Rmd' failed with diagnostics:
    cannot open the connection
    Execution halted
Flavor: r-oldrel-osx-x86_64