CRAN Package Check Results for Package arenar

Last updated on 2022-07-03 20:50:39 CEST.

Flavor Version Tinstall Tcheck Ttotal Status Flags
r-devel-linux-x86_64-debian-clang 0.2.0 3.44 103.20 106.64 NOTE
r-devel-linux-x86_64-debian-gcc 0.2.0 2.53 81.26 83.79 NOTE
r-devel-linux-x86_64-fedora-clang 0.2.0 131.49 NOTE
r-devel-linux-x86_64-fedora-gcc 0.2.0 138.83 NOTE
r-devel-windows-x86_64 0.2.0 25.00 134.00 159.00 NOTE
r-patched-linux-x86_64 0.2.0 2.85 97.43 100.28 NOTE
r-release-linux-x86_64 0.2.0 2.65 97.57 100.22 NOTE
r-release-macos-arm64 0.2.0 46.00 NOTE
r-release-macos-x86_64 0.2.0 90.00 NOTE
r-release-windows-x86_64 0.2.0 27.00 140.00 167.00 NOTE
r-oldrel-macos-arm64 0.2.0 51.00 NOTE
r-oldrel-macos-x86_64 0.2.0 87.00 NOTE
r-oldrel-windows-ix86+x86_64 0.2.0 10.00 129.00 139.00 NOTE

Check Details

Version: 0.2.0
Check: LazyData
Result: NOTE
     'LazyData' is specified without a 'data' directory
Flavors: r-devel-linux-x86_64-debian-clang, r-devel-linux-x86_64-debian-gcc, r-devel-linux-x86_64-fedora-clang, r-devel-linux-x86_64-fedora-gcc, r-devel-windows-x86_64, r-patched-linux-x86_64, r-release-linux-x86_64, r-release-macos-arm64, r-release-macos-x86_64, r-release-windows-x86_64, r-oldrel-macos-arm64, r-oldrel-macos-x86_64, r-oldrel-windows-ix86+x86_64