CRAN Package Check Results for Package arenar

Last updated on 2021-04-14 11:52:06 CEST.

Flavor Version Tinstall Tcheck Ttotal Status Flags
r-devel-linux-x86_64-debian-clang 0.2.0 4.16 95.92 100.08 NOTE
r-devel-linux-x86_64-debian-gcc 0.2.0 3.32 75.57 78.89 NOTE
r-devel-linux-x86_64-fedora-clang 0.2.0 125.22 NOTE
r-devel-linux-x86_64-fedora-gcc 0.2.0 117.41 NOTE
r-devel-windows-ix86+x86_64 0.2.0 9.00 104.00 113.00 NOTE
r-devel-windows-x86_64-gcc10-UCRT 0.2.0 NOTE
r-patched-linux-x86_64 0.2.0 4.23 92.63 96.86 OK
r-patched-solaris-x86 0.2.0 1461.10 OK
r-release-linux-x86_64 0.2.0 3.99 93.46 97.45 OK
r-release-macos-x86_64 0.2.0 OK
r-release-windows-ix86+x86_64 0.2.0 10.00 114.00 124.00 OK
r-oldrel-macos-x86_64 0.2.0 OK
r-oldrel-windows-ix86+x86_64 0.2.0 5.00 82.00 87.00 OK

Check Details

Version: 0.2.0
Check: LazyData
Result: NOTE
     'LazyData' is specified without a 'data' directory
Flavors: r-devel-linux-x86_64-debian-clang, r-devel-linux-x86_64-debian-gcc, r-devel-linux-x86_64-fedora-clang, r-devel-linux-x86_64-fedora-gcc, r-devel-windows-ix86+x86_64, r-devel-windows-x86_64-gcc10-UCRT