CRAN Package Check Results for Package arenar

Last updated on 2023-10-02 13:02:45 CEST.

Flavor Version Tinstall Tcheck Ttotal Status Flags
r-devel-linux-x86_64-debian-clang 0.2.0 3.58 98.89 102.47 NOTE
r-devel-linux-x86_64-debian-gcc 0.2.0 3.55 74.75 78.30 NOTE
r-devel-linux-x86_64-fedora-clang 0.2.0 130.80 NOTE
r-devel-linux-x86_64-fedora-gcc 0.2.0 138.04 NOTE
r-devel-windows-x86_64 0.2.0 6.00 99.00 105.00 NOTE
r-patched-linux-x86_64 0.2.0 3.00 95.21 98.21 NOTE
r-release-linux-x86_64 0.2.0 3.03 94.81 97.84 NOTE
r-release-macos-arm64 0.2.0 54.00 NOTE
r-release-macos-x86_64 0.2.0 76.00 NOTE
r-release-windows-x86_64 0.2.0 7.00 111.00 118.00 NOTE
r-oldrel-macos-arm64 0.2.0 46.00 NOTE
r-oldrel-macos-x86_64 0.2.0 90.00 NOTE
r-oldrel-windows-x86_64 0.2.0 7.00 106.00 113.00 NOTE

Check Details

Version: 0.2.0
Check: LazyData
Result: NOTE
     'LazyData' is specified without a 'data' directory
Flavors: r-devel-linux-x86_64-debian-clang, r-devel-linux-x86_64-debian-gcc, r-devel-linux-x86_64-fedora-clang, r-devel-linux-x86_64-fedora-gcc, r-devel-windows-x86_64, r-patched-linux-x86_64, r-release-linux-x86_64, r-release-macos-arm64, r-release-macos-x86_64, r-release-windows-x86_64, r-oldrel-macos-arm64, r-oldrel-macos-x86_64, r-oldrel-windows-x86_64