CRAN Package Check Results for Package arenar

Last updated on 2022-11-30 02:52:27 CET.

Flavor Version Tinstall Tcheck Ttotal Status Flags
r-devel-linux-x86_64-debian-clang 0.2.0 2.97 103.90 106.87 NOTE
r-devel-linux-x86_64-debian-gcc 0.2.0 2.59 82.06 84.65 NOTE
r-devel-linux-x86_64-fedora-clang 0.2.0 139.16 NOTE
r-devel-linux-x86_64-fedora-gcc 0.2.0 137.85 NOTE
r-devel-windows-x86_64 0.2.0 16.00 152.00 168.00 NOTE
r-patched-linux-x86_64 0.2.0 2.94 98.85 101.79 NOTE
r-release-linux-x86_64 0.2.0 2.78 99.90 102.68 NOTE
r-release-macos-arm64 0.2.0 46.00 NOTE
r-release-macos-x86_64 0.2.0 90.00 NOTE
r-release-windows-x86_64 0.2.0 32.00 149.00 181.00 NOTE
r-oldrel-macos-arm64 0.2.0 51.00 NOTE
r-oldrel-macos-x86_64 0.2.0 87.00 NOTE
r-oldrel-windows-ix86+x86_64 0.2.0 10.00 124.00 134.00 NOTE

Check Details

Version: 0.2.0
Check: LazyData
Result: NOTE
     'LazyData' is specified without a 'data' directory
Flavors: r-devel-linux-x86_64-debian-clang, r-devel-linux-x86_64-debian-gcc, r-devel-linux-x86_64-fedora-clang, r-devel-linux-x86_64-fedora-gcc, r-devel-windows-x86_64, r-patched-linux-x86_64, r-release-linux-x86_64, r-release-macos-arm64, r-release-macos-x86_64, r-release-windows-x86_64, r-oldrel-macos-arm64, r-oldrel-macos-x86_64, r-oldrel-windows-ix86+x86_64