CRAN Package Check Results for Package arenar

Last updated on 2021-10-17 06:49:29 CEST.

Flavor Version Tinstall Tcheck Ttotal Status Flags
r-devel-linux-x86_64-debian-clang 0.2.0 4.78 96.56 101.34 NOTE
r-devel-linux-x86_64-debian-gcc 0.2.0 3.12 75.96 79.08 NOTE
r-devel-linux-x86_64-fedora-clang 0.2.0 122.19 NOTE
r-devel-linux-x86_64-fedora-gcc 0.2.0 115.12 NOTE
r-devel-windows-x86_64 0.2.0 7.00 120.00 127.00 NOTE
r-devel-windows-x86_64-gcc10-UCRT 0.2.0 NOTE
r-patched-linux-x86_64 0.2.0 3.88 96.93 100.81 NOTE
r-patched-solaris-x86 0.2.0 937.70 NOTE
r-release-linux-x86_64 0.2.0 3.80 96.44 100.24 NOTE
r-release-macos-arm64 0.2.0 NOTE
r-release-macos-x86_64 0.2.0 NOTE
r-release-windows-ix86+x86_64 0.2.0 16.00 111.00 127.00 NOTE
r-oldrel-macos-x86_64 0.2.0 OK
r-oldrel-windows-ix86+x86_64 0.2.0 10.00 110.00 120.00 OK

Check Details

Version: 0.2.0
Check: LazyData
Result: NOTE
     'LazyData' is specified without a 'data' directory
Flavors: r-devel-linux-x86_64-debian-clang, r-devel-linux-x86_64-debian-gcc, r-devel-linux-x86_64-fedora-clang, r-devel-linux-x86_64-fedora-gcc, r-devel-windows-x86_64, r-devel-windows-x86_64-gcc10-UCRT, r-patched-linux-x86_64, r-patched-solaris-x86, r-release-linux-x86_64, r-release-macos-arm64, r-release-macos-x86_64, r-release-windows-ix86+x86_64