Last updated on 2023-03-26 16:54:08 CEST.
Flavor | Version | Tinstall | Tcheck | Ttotal | Status | Flags |
---|---|---|---|---|---|---|
r-devel-linux-x86_64-debian-clang | 0.2.0 | 2.98 | 101.56 | 104.54 | NOTE | |
r-devel-linux-x86_64-debian-gcc | 0.2.0 | 3.58 | 80.24 | 83.82 | NOTE | |
r-devel-linux-x86_64-fedora-gcc | 0.2.0 | 134.58 | NOTE | |||
r-devel-windows-x86_64 | 0.2.0 | 39.00 | 139.00 | 178.00 | NOTE | |
r-patched-linux-x86_64 | 0.2.0 | 4.44 | 97.45 | 101.89 | NOTE | |
r-release-linux-x86_64 | 0.2.0 | 2.98 | 98.40 | 101.38 | NOTE | |
r-release-macos-arm64 | 0.2.0 | 46.00 | NOTE | |||
r-release-macos-x86_64 | 0.2.0 | 90.00 | NOTE | |||
r-release-windows-x86_64 | 0.2.0 | 41.00 | 142.00 | 183.00 | NOTE | |
r-oldrel-macos-arm64 | 0.2.0 | 51.00 | NOTE | |||
r-oldrel-macos-x86_64 | 0.2.0 | 87.00 | NOTE | |||
r-oldrel-windows-ix86+x86_64 | 0.2.0 | 10.00 | 145.00 | 155.00 | NOTE |
Version: 0.2.0
Check: LazyData
Result: NOTE
'LazyData' is specified without a 'data' directory
Flavors: r-devel-linux-x86_64-debian-clang, r-devel-linux-x86_64-debian-gcc, r-devel-linux-x86_64-fedora-gcc, r-devel-windows-x86_64, r-patched-linux-x86_64, r-release-linux-x86_64, r-release-macos-arm64, r-release-macos-x86_64, r-release-windows-x86_64, r-oldrel-macos-arm64, r-oldrel-macos-x86_64, r-oldrel-windows-ix86+x86_64
Version: 0.2.0
Check: dependencies in R code
Result: NOTE
Initiating curl with CURL_SSL_BACKEND: openssl
Flavor: r-oldrel-windows-ix86+x86_64