Last updated on 2023-12-11 11:53:25 CET.
Flavor | Version | Tinstall | Tcheck | Ttotal | Status | Flags |
---|---|---|---|---|---|---|
r-devel-linux-x86_64-debian-clang | 0.6.3 | 14.22 | 161.62 | 175.84 | OK | |
r-devel-linux-x86_64-debian-gcc | 0.6.3 | 11.64 | 123.40 | 135.04 | OK | |
r-devel-linux-x86_64-fedora-clang | 0.6.3 | 241.81 | NOTE | |||
r-devel-linux-x86_64-fedora-gcc | 0.6.3 | 223.00 | OK | |||
r-devel-windows-x86_64 | 0.6.3 | 13.00 | 142.00 | 155.00 | OK | |
r-patched-linux-x86_64 | 0.6.3 | 17.13 | 154.68 | 171.81 | OK | |
r-release-linux-x86_64 | 0.6.3 | 9.56 | 154.79 | 164.35 | OK | |
r-release-macos-arm64 | 0.6.3 | 60.00 | OK | |||
r-release-macos-x86_64 | 0.6.3 | 168.00 | OK | |||
r-release-windows-x86_64 | 0.6.3 | 16.00 | 167.00 | 183.00 | OK | |
r-oldrel-macos-arm64 | 0.6.3 | 65.00 | OK | |||
r-oldrel-macos-x86_64 | 0.6.3 | 84.00 | OK | |||
r-oldrel-windows-x86_64 | 0.6.3 | 19.00 | 169.00 | 188.00 | OK |
Version: 0.6.3
Check: Rd cross-references
Result: NOTE
Undeclared package ‘beepr’ in Rd xrefs
Flavor: r-devel-linux-x86_64-fedora-clang