Last updated on 2019-02-21 07:48:27 CET.
Flavor | Version | Tinstall | Tcheck | Ttotal | Status | Flags |
---|---|---|---|---|---|---|
r-devel-linux-x86_64-debian-clang | 0.1.2 | 4.97 | 90.16 | 95.13 | OK | |
r-devel-linux-x86_64-debian-gcc | 0.1.2 | 3.77 | 72.83 | 76.60 | OK | |
r-devel-linux-x86_64-fedora-clang | 0.1.2 | 123.63 | NOTE | |||
r-devel-linux-x86_64-fedora-gcc | 0.1.2 | 116.91 | NOTE | |||
r-devel-windows-ix86+x86_64 | 0.1.2 | 18.00 | 140.00 | 158.00 | OK | |
r-patched-linux-x86_64 | 0.1.2 | OK | ||||
r-patched-solaris-x86 | 0.1.2 | 162.50 | NOTE | |||
r-release-linux-x86_64 | 0.1.2 | OK | ||||
r-release-windows-ix86+x86_64 | 0.1.2 | 9.00 | 128.00 | 137.00 | OK | |
r-release-osx-x86_64 | 0.1.2 | NOTE | ||||
r-oldrel-windows-ix86+x86_64 | 0.1.2 | 9.00 | 108.00 | 117.00 | OK | |
r-oldrel-osx-x86_64 | 0.1.2 | NOTE |
Version: 0.1.2
Check: dependencies in R code
Result: NOTE
Namespaces in Imports field not imported from:
‘lwgeom’ ‘tibble’
All declared Imports should be used.
Flavors: r-devel-linux-x86_64-fedora-clang, r-devel-linux-x86_64-fedora-gcc, r-patched-solaris-x86, r-release-osx-x86_64, r-oldrel-osx-x86_64