CRAN Package Check Results for Package areal

Last updated on 2019-04-25 15:53:47 CEST.

Flavor Version Tinstall Tcheck Ttotal Status Flags
r-devel-linux-x86_64-debian-clang 0.1.2 6.27 85.90 92.17 OK
r-devel-linux-x86_64-debian-gcc 0.1.2 5.08 69.75 74.83 OK
r-devel-linux-x86_64-fedora-clang 0.1.2 111.34 NOTE
r-devel-linux-x86_64-fedora-gcc 0.1.2 106.43 NOTE
r-devel-windows-ix86+x86_64 0.1.2 22.00 132.00 154.00 OK
r-patched-linux-x86_64 0.1.2 6.12 83.99 90.11 OK
r-patched-solaris-x86 0.1.2 170.60 NOTE
r-release-linux-x86_64 0.1.2 4.72 80.55 85.27 OK
r-release-windows-ix86+x86_64 0.1.2 8.00 136.00 144.00 OK
r-release-osx-x86_64 0.1.2 NOTE
r-oldrel-windows-ix86+x86_64 0.1.2 8.00 96.00 104.00 OK
r-oldrel-osx-x86_64 0.1.2 NOTE

Additional issues

noLD

Check Details

Version: 0.1.2
Check: dependencies in R code
Result: NOTE
    Namespaces in Imports field not imported from:
     ‘lwgeom’ ‘tibble’
     All declared Imports should be used.
Flavors: r-devel-linux-x86_64-fedora-clang, r-devel-linux-x86_64-fedora-gcc, r-patched-solaris-x86, r-release-osx-x86_64, r-oldrel-osx-x86_64