CRAN Package Check Results for Package archive

Last updated on 2023-01-30 20:55:37 CET.

Flavor Version Tinstall Tcheck Ttotal Status Flags
r-devel-linux-x86_64-debian-clang 1.1.5 23.67 47.71 71.38 OK
r-devel-linux-x86_64-debian-gcc 1.1.5 22.08 36.35 58.43 NOTE
r-devel-linux-x86_64-fedora-clang 1.1.5 106.51 NOTE
r-devel-linux-x86_64-fedora-gcc 1.1.5 96.36 NOTE
r-devel-windows-x86_64 1.1.5 66.00 101.00 167.00 NOTE
r-patched-linux-x86_64 1.1.5 22.58 44.80 67.38 OK
r-release-linux-x86_64 1.1.5 21.35 46.38 67.73 OK
r-release-macos-arm64 1.1.5 32.00 OK
r-release-macos-x86_64 1.1.5 45.00 OK
r-release-windows-x86_64 1.1.5 49.00 103.00 152.00 OK
r-oldrel-macos-arm64 1.1.5 31.00 OK
r-oldrel-macos-x86_64 1.1.5 42.00 OK
r-oldrel-windows-ix86+x86_64 1.1.5 108.00 102.00 210.00 NOTE

Check Details

Version: 1.1.5
Check: C++ specification
Result: NOTE
     Specified C++11: please update to current default of C++17
Flavors: r-devel-linux-x86_64-debian-gcc, r-devel-linux-x86_64-fedora-clang, r-devel-linux-x86_64-fedora-gcc, r-devel-windows-x86_64

Version: 1.1.5
Check: installed package size
Result: NOTE
     installed size is 6.8Mb
     sub-directories of 1Mb or more:
     libs 6.1Mb
Flavor: r-oldrel-windows-ix86+x86_64