Last updated on 2023-10-03 12:08:32 CEST.
Flavor | Version | Tinstall | Tcheck | Ttotal | Status | Flags |
---|---|---|---|---|---|---|
r-devel-linux-x86_64-debian-clang | 1.1.6 | 27.87 | 50.22 | 78.09 | OK | |
r-devel-linux-x86_64-debian-gcc | 1.1.6 | 19.95 | 37.36 | 57.31 | OK | |
r-devel-linux-x86_64-fedora-clang | 1.1.6 | 109.36 | OK | |||
r-devel-linux-x86_64-fedora-gcc | 1.1.6 | 105.15 | OK | |||
r-devel-windows-x86_64 | 1.1.6 | 50.00 | 87.00 | 137.00 | OK | |
r-patched-linux-x86_64 | 1.1.6 | 29.13 | 47.34 | 76.47 | OK | |
r-release-linux-x86_64 | 1.1.6 | 28.84 | 47.56 | 76.40 | OK | |
r-release-macos-arm64 | 1.1.6 | 8.00 | ERROR | |||
r-release-macos-x86_64 | 1.1.6 | 11.00 | ERROR | |||
r-release-windows-x86_64 | 1.1.6 | 63.00 | 96.00 | 159.00 | OK | |
r-oldrel-macos-arm64 | 1.1.6 | 9.00 | ERROR | |||
r-oldrel-macos-x86_64 | 1.1.6 | 15.00 | ERROR | |||
r-oldrel-windows-x86_64 | 1.1.6 | 45.00 | 87.00 | 132.00 | OK |
Version: 1.1.6
Check: whether package can be installed
Result: ERROR
Installation failed.
Flavors: r-release-macos-arm64, r-release-macos-x86_64, r-oldrel-macos-arm64, r-oldrel-macos-x86_64