Last updated on 2022-08-08 22:54:42 CEST.
Flavor | Version | Tinstall | Tcheck | Ttotal | Status | Flags |
---|---|---|---|---|---|---|
r-devel-linux-x86_64-debian-clang | 1.2-1 | 2.01 | 37.43 | 39.44 | OK | |
r-devel-linux-x86_64-debian-gcc | 1.2-1 | 1.30 | 28.89 | 30.19 | OK | |
r-devel-linux-x86_64-fedora-clang | 1.2-1 | 57.47 | NOTE | |||
r-devel-linux-x86_64-fedora-gcc | 1.2-1 | 56.29 | NOTE | |||
r-devel-windows-x86_64 | 1.2-1 | 24.00 | 80.00 | 104.00 | OK | |
r-patched-linux-x86_64 | 1.2-1 | 2.05 | 35.47 | 37.52 | OK | |
r-release-linux-x86_64 | 1.2-1 | OK | ||||
r-release-macos-arm64 | 1.2-1 | 23.00 | NOTE | |||
r-release-macos-x86_64 | 1.2-1 | 34.00 | NOTE | |||
r-release-windows-x86_64 | 1.2-1 | 20.00 | 79.00 | 99.00 | OK | |
r-oldrel-macos-arm64 | 1.2-1 | 29.00 | NOTE | |||
r-oldrel-macos-x86_64 | 1.2-1 | 44.00 | NOTE | |||
r-oldrel-windows-ix86+x86_64 | 1.2-1 | 8.00 | 65.00 | 73.00 | OK |
Version: 1.2-1
Check: data for non-ASCII characters
Result: NOTE
Note: found 76 marked Latin-1 strings
Flavors: r-devel-linux-x86_64-fedora-clang, r-devel-linux-x86_64-fedora-gcc, r-release-macos-arm64, r-release-macos-x86_64, r-oldrel-macos-arm64, r-oldrel-macos-x86_64