Last updated on 2023-12-02 02:49:03 CET.
Flavor | Version | Tinstall | Tcheck | Ttotal | Status | Flags |
---|---|---|---|---|---|---|
r-devel-linux-x86_64-debian-clang | 2.0.2 | 29.65 | 559.09 | 588.74 | OK | |
r-devel-linux-x86_64-debian-gcc | 2.0.2 | 23.07 | 361.56 | 384.63 | OK | |
r-devel-linux-x86_64-fedora-clang | 2.0.2 | 659.83 | NOTE | |||
r-devel-linux-x86_64-fedora-gcc | 2.0.2 | 644.67 | OK | |||
r-devel-windows-x86_64 | 2.0.2 | 32.00 | 366.00 | 398.00 | NOTE | |
r-patched-linux-x86_64 | 2.0.2 | 33.26 | 453.62 | 486.88 | OK | |
r-release-linux-x86_64 | 2.0.1 | 28.09 | 441.15 | 469.24 | OK | |
r-release-macos-arm64 | 2.0.2 | 161.00 | NOTE | |||
r-release-macos-x86_64 | 2.0.1 | 343.00 | NOTE | |||
r-release-windows-x86_64 | 2.0.2 | 41.00 | 471.00 | 512.00 | NOTE | |
r-oldrel-macos-arm64 | 2.0.2 | 171.00 | NOTE | |||
r-oldrel-macos-x86_64 | 2.0.1 | 206.00 | NOTE | |||
r-oldrel-windows-x86_64 | 2.0.2 | 34.00 | 415.00 | 449.00 | NOTE |
Version: 2.0.2
Check: installed package size
Result: NOTE
installed size is 5.4Mb
sub-directories of 1Mb or more:
R 1.2Mb
data 1.6Mb
doc 1.7Mb
Flavors: r-devel-linux-x86_64-fedora-clang, r-devel-windows-x86_64, r-release-macos-arm64, r-release-windows-x86_64, r-oldrel-macos-arm64, r-oldrel-windows-x86_64
Version: 2.0.1
Check: installed package size
Result: NOTE
installed size is 5.8Mb
sub-directories of 1Mb or more:
R 2.1Mb
data 1.6Mb
doc 1.4Mb
Flavors: r-release-macos-x86_64, r-oldrel-macos-x86_64