CRAN Package Check Results for Package aptg

Last updated on 2021-04-15 22:51:01 CEST.

Flavor Version Tinstall Tcheck Ttotal Status Flags
r-devel-linux-x86_64-debian-clang 0.1.1 10.06 92.42 102.48 NOTE --no-vignettes
r-devel-linux-x86_64-debian-gcc 0.1.1 9.36 70.16 79.52 NOTE --no-vignettes
r-devel-linux-x86_64-fedora-clang 0.1.1 144.15 NOTE
r-devel-linux-x86_64-fedora-gcc 0.1.1 131.79 NOTE
r-devel-windows-ix86+x86_64 0.1.1 27.00 97.00 124.00 NOTE --no-vignettes
r-devel-windows-x86_64-gcc10-UCRT 0.1.1 NOTE
r-patched-linux-x86_64 0.1.1 10.79 86.85 97.64 OK --no-vignettes
r-patched-solaris-x86 0.1.1 214.80 OK
r-release-linux-x86_64 0.1.1 10.86 87.89 98.75 OK --no-vignettes
r-release-macos-x86_64 0.1.1 OK
r-oldrel-macos-x86_64 0.1.1 OK
r-oldrel-windows-ix86+x86_64 0.1.1 17.00 72.00 89.00 OK --no-vignettes

Check Details

Version: 0.1.1
Flags: --no-vignettes
Check: LazyData
Result: NOTE
     'LazyData' is specified without a 'data' directory
Flavors: r-devel-linux-x86_64-debian-clang, r-devel-linux-x86_64-debian-gcc, r-devel-windows-ix86+x86_64

Version: 0.1.1
Check: LazyData
Result: NOTE
     'LazyData' is specified without a 'data' directory
Flavors: r-devel-linux-x86_64-fedora-clang, r-devel-linux-x86_64-fedora-gcc, r-devel-windows-x86_64-gcc10-UCRT