Last updated on 2023-06-09 12:58:09 CEST.
Flavor | Version | Tinstall | Tcheck | Ttotal | Status | Flags |
---|---|---|---|---|---|---|
r-devel-linux-x86_64-debian-clang | 1.3.5 | 52.30 | 110.22 | 162.52 | NOTE | |
r-devel-linux-x86_64-debian-gcc | 1.3.5 | 42.41 | 82.84 | 125.25 | NOTE | |
r-devel-linux-x86_64-fedora-clang | 1.3.5 | 219.48 | NOTE | |||
r-devel-linux-x86_64-fedora-gcc | 1.3.5 | 225.68 | NOTE | |||
r-devel-windows-x86_64 | 1.3.5 | 44.00 | 119.00 | 163.00 | NOTE | |
r-patched-linux-x86_64 | 1.3.5 | 48.81 | 104.89 | 153.70 | NOTE | |
r-release-linux-x86_64 | 1.3.5 | 45.76 | 104.83 | 150.59 | NOTE | |
r-release-macos-arm64 | 1.3.5 | 63.00 | NOTE | |||
r-release-macos-x86_64 | 1.3.5 | 112.00 | NOTE | |||
r-release-windows-x86_64 | 1.3.5 | 56.00 | 141.00 | 197.00 | NOTE | |
r-oldrel-macos-arm64 | 1.3.5 | 67.00 | OK | |||
r-oldrel-macos-x86_64 | 1.3.5 | 75.00 | OK | |||
r-oldrel-windows-x86_64 | 1.3.5 | 53.00 | 131.00 | 184.00 | OK |
Version: 1.3.5
Check: C++ specification
Result: NOTE
Specified C++11: please drop specification unless essential
Flavors: r-devel-linux-x86_64-debian-clang, r-devel-linux-x86_64-debian-gcc, r-devel-linux-x86_64-fedora-clang, r-devel-linux-x86_64-fedora-gcc, r-devel-windows-x86_64, r-patched-linux-x86_64, r-release-linux-x86_64, r-release-macos-arm64, r-release-macos-x86_64, r-release-windows-x86_64