Last updated on 2023-01-30 20:55:37 CET.
Flavor | Version | Tinstall | Tcheck | Ttotal | Status | Flags |
---|---|---|---|---|---|---|
r-devel-linux-x86_64-debian-clang | 1.3.5 | 59.99 | 111.92 | 171.91 | OK | |
r-devel-linux-x86_64-debian-gcc | 1.3.5 | 46.19 | 80.69 | 126.88 | NOTE | |
r-devel-linux-x86_64-fedora-clang | 1.3.5 | 219.64 | NOTE | |||
r-devel-linux-x86_64-fedora-gcc | 1.3.5 | 220.30 | NOTE | |||
r-devel-windows-x86_64 | 1.3.5 | 60.00 | 160.00 | 220.00 | NOTE | |
r-patched-linux-x86_64 | 1.3.5 | 52.48 | 103.95 | 156.43 | OK | |
r-release-linux-x86_64 | 1.3.5 | 50.81 | 103.85 | 154.66 | OK | |
r-release-macos-arm64 | 1.3.5 | 67.00 | OK | |||
r-release-macos-x86_64 | 1.3.5 | 75.00 | OK | |||
r-release-windows-x86_64 | 1.3.5 | 69.00 | 165.00 | 234.00 | OK | |
r-oldrel-macos-arm64 | 1.3.5 | 67.00 | OK | |||
r-oldrel-macos-x86_64 | 1.3.5 | 74.00 | OK | |||
r-oldrel-windows-ix86+x86_64 | 1.3.5 | 120.00 | 188.00 | 308.00 | OK |
Version: 1.3.5
Check: C++ specification
Result: NOTE
Specified C++11: please update to current default of C++17
Flavors: r-devel-linux-x86_64-debian-gcc, r-devel-linux-x86_64-fedora-clang, r-devel-linux-x86_64-fedora-gcc, r-devel-windows-x86_64