CRAN Package Check Results for Package apaTables

Last updated on 2019-04-22 16:53:55 CEST.

Flavor Version Tinstall Tcheck Ttotal Status Flags
r-devel-linux-x86_64-debian-clang 2.0.5 6.69 58.41 65.10 OK
r-devel-linux-x86_64-debian-gcc 2.0.5 5.26 45.98 51.24 OK
r-devel-linux-x86_64-fedora-clang 2.0.5 76.67 OK
r-devel-linux-x86_64-fedora-gcc 2.0.5 73.31 OK
r-devel-windows-ix86+x86_64 2.0.5 20.00 91.00 111.00 OK
r-patched-linux-x86_64 2.0.5 5.92 59.20 65.12 OK
r-patched-solaris-x86 2.0.5 109.10 OK
r-release-linux-x86_64 2.0.5 5.02 56.44 61.46 OK
r-release-windows-ix86+x86_64 2.0.5 11.00 105.00 116.00 OK
r-release-osx-x86_64 2.0.5 OK
r-oldrel-windows-ix86+x86_64 2.0.5 13.00 122.00 135.00 OK
r-oldrel-osx-x86_64 2.0.5 ERROR

Check Details

Version: 2.0.5
Check: examples
Result: ERROR
    Running examples in ‘apaTables-Ex.R’ failed
    The error most likely occurred in:
    
    > ### Name: apa.reg.table
    > ### Title: Creates a regresion table in APA style
    > ### Aliases: apa.reg.table
    >
    > ### ** Examples
    >
    > # View top few rows of goggles data set
    > # from Discovering Statistics Using R
    > head(album)
     adverts sales airplay attract
    1 10.256 330 43 10
    2 985.685 120 28 7
    3 1445.563 360 35 7
    4 1188.193 270 33 7
    5 574.513 220 44 5
    6 568.954 170 19 5
    >
    > # Single block example
    > blk1 <- lm(sales ~ adverts + airplay, data=album)
    > apa.reg.table(blk1)
    Error in if (number_predictors > 1) { : argument is of length zero
    Calls: apa.reg.table -> apa_single_block
    Execution halted
Flavor: r-oldrel-osx-x86_64