CRAN Package Check Results for Package anytime

Last updated on 2019-07-21 07:49:04 CEST.

Flavor Version Tinstall Tcheck Ttotal Status Flags
r-devel-linux-x86_64-debian-clang 0.3.4 28.16 27.04 55.20 OK
r-devel-linux-x86_64-debian-gcc 0.3.4 22.37 22.85 45.22 OK
r-devel-linux-x86_64-fedora-clang 0.3.4 79.79 OK
r-devel-linux-x86_64-fedora-gcc 0.3.4 76.17 OK
r-devel-windows-ix86+x86_64 0.3.4 64.00 90.00 154.00 OK
r-patched-linux-x86_64 0.3.4 26.72 27.00 53.72 OK
r-patched-solaris-x86 0.3.4 96.30 ERROR
r-release-linux-x86_64 0.3.4 26.13 26.98 53.11 OK
r-release-windows-ix86+x86_64 0.3.4 57.00 63.00 120.00 OK
r-release-osx-x86_64 0.3.4 OK
r-oldrel-windows-ix86+x86_64 0.3.4 85.00 60.00 145.00 OK
r-oldrel-osx-x86_64 0.3.4 OK

Check Details

Version: 0.3.4
Check: tests
Result: ERROR
     Running ‘tinytest.R’
    Running the tests in ‘tests/tinytest.R’ failed.
    Complete output:
     >
     > if (requireNamespace("tinytest", quietly=TRUE)) {
     +
     + ## Set a seed to make the test deterministic
     + set.seed(42)
     +
     + ## there are several more granular ways to test files in a
     + ## tinytest directory, see its package vignette; tests can also
     + ## run once the package is installed using the same command
     +
     + ## we need version 0.9.4 or later
     + if (packageVersion("tinytest") >= "0.9.4") {
     + tinytest::test_package("anytime")
     + }
     + }
     Loading required package: anytime
    
     Running test_all_formats.R............ 0 tests
     Running test_all_formats.R............ 0 tests
     Running test_all_formats.R............ 0 tests
     Running test_all_formats.R............ 0 tests
     Running test_all_formats.R............ 0 tests
     Running test_all_formats.R............ 0 tests
     Running test_all_formats.R............ 0 tests
     Running test_all_formats.R............ 0 tests
    
     Running test_assertions.R............. 0 tests
     Running test_assertions.R............. 1 tests <1b>[0;32mOK<1b>[0m
     Running test_assertions.R............. 2 tests <1b>[0;32mOK<1b>[0m
    
     Running test_bulk.R................... 0 tests
     Running test_bulk.R................... 0 tests
     Running test_bulk.R................... 0 tests
     Running test_bulk.R................... 0 tests
     Running test_bulk.R................... 0 tests
    
     Running test_gh_issue_12.R............ 0 tests
     Running test_gh_issue_12.R............ 0 tests
     Running test_gh_issue_12.R............ 0 tests
     Running test_gh_issue_12.R............ 1 tests <1b>[0;32mOK<1b>[0m
     Running test_gh_issue_12.R............ 2 tests <1b>[0;32mOK<1b>[0m
    
     Running test_gh_issue_33.R............ 0 tests
     Running test_gh_issue_33.R............ 0 tests
     Running test_gh_issue_33.R............ 0 tests
     Running test_gh_issue_33.R............ 0 tests
     Running test_gh_issue_33.R............ 1 tests <1b>[0;32mOK<1b>[0m
     Running test_gh_issue_33.R............ 2 tests <1b>[0;32mOK<1b>[0m
    
     Running test_gh_issue_5.R............. 0 tests
     Running test_gh_issue_5.R............. 0 tests
     Running test_gh_issue_5.R............. 0 tests
     Running test_gh_issue_5.R............. 0 tests
     Running test_gh_issue_5.R............. 0 tests
     Running test_gh_issue_5.R............. 0 tests
     Running test_gh_issue_5.R............. 0 tests
     Running test_gh_issue_5.R............. 1 tests <1b>[0;32mOK<1b>[0m
     Running test_gh_issue_5.R............. 2 tests <1b>[0;32mOK<1b>[0m
     Running test_gh_issue_5.R............. 2 tests <1b>[0;32mOK<1b>[0m
     Running test_gh_issue_5.R............. 2 tests <1b>[0;32mOK<1b>[0m
     Running test_gh_issue_5.R............. 3 tests <1b>[0;32mOK<1b>[0m
     Running test_gh_issue_5.R............. 4 tests <1b>[0;32mOK<1b>[0m
    
     Running test_gh_issue_56.R............ 0 tests
     Running test_gh_issue_56.R............ 1 tests <1b>[0;32mOK<1b>[0m
     Running test_gh_issue_56.R............ 2 tests <1b>[0;32mOK<1b>[0m
     Running test_gh_issue_56.R............ 3 tests <1b>[0;32mOK<1b>[0m
     Running test_gh_issue_56.R............ 7 tests <1b>[0;32mOK<1b>[0m
    
     Running test_gh_issue_84.R............ 0 tests
     Running test_gh_issue_84.R............ 0 tests
    
     Running test_gh_issues_36_51.R........ 0 tests
     Running test_gh_issues_36_51.R........ 0 tests
     Running test_gh_issues_36_51.R........ 0 tests
     Running test_gh_issues_36_51.R........ 0 tests
     Running test_gh_issues_36_51.R........ 0 tests
     Running test_gh_issues_36_51.R........ 0 tests
    
     Running test_r_format.R............... 0 tests
     Running test_r_format.R............... 1 tests <1b>[0;32mOK<1b>[0m
    
     Running test_simple.R................. 0 tests
     Running test_simple.R................. 0 tests
     Running test_simple.R................. 0 tests
    
     Running test_utilities.R.............. 0 tests
     Running test_utilities.R.............. 0 tests
     Running test_utilities.R.............. 0 tests
     Running test_utilities.R.............. 0 tests
     Running test_utilities.R.............. 0 tests
     Running test_utilities.R.............. 0 tests
     Running test_utilities.R.............. 0 tests
     Running test_utilities.R.............. 0 tests
     Running test_utilities.R.............. 0 tests
     Running test_utilities.R.............. 0 tests
     Running test_utilities.R.............. 0 tests
     Running test_utilities.R.............. 0 tests
     Running test_utilities.R.............. 0 tests
     Running test_utilities.R.............. 0 tests
     Running test_utilities.R.............. 1 tests <1b>[0;32mOK<1b>[0m
     Running test_utilities.R.............. 2 tests <1b>[0;32mOK<1b>[0m
     Running test_utilities.R.............. 2 tests <1b>[0;32mOK<1b>[0m
     Running test_utilities.R.............. 3 tests <1b>[0;31m1 errors<1b>[0m
    
     Running test_validate.R............... 0 tests
     Running test_validate.R............... 0 tests
     Running test_validate.R............... 0 tests
     Running test_validate.R............... 0 tests
     Error: ----- FAILED[data]: test_utilities.R<27--27>
     call| if (!isWindows) expect_equal(anytime:::format(s), "2016-09-01 10:11:12.000000")
     diff| 1 string mismatch
     Execution halted
Flavor: r-patched-solaris-x86