CRAN Package Check Results for Package antaresRead

Last updated on 2019-03-24 19:47:45 CET.

Flavor Version Tinstall Tcheck Ttotal Status Flags
r-devel-linux-x86_64-debian-clang 2.2.3 9.43 108.17 117.60 WARN
r-devel-linux-x86_64-debian-gcc 2.2.3 6.13 392.37 398.50 OK
r-devel-linux-x86_64-fedora-clang 2.2.3 194.85 OK
r-devel-linux-x86_64-fedora-gcc 2.2.3 170.16 OK
r-devel-windows-ix86+x86_64 2.2.3 19.00 227.00 246.00 OK
r-patched-linux-x86_64 2.2.3 7.75 350.42 358.17 OK
r-patched-solaris-x86 2.2.3 200.50 WARN
r-release-linux-x86_64 2.2.3 5.80 347.60 353.40 OK
r-release-windows-ix86+x86_64 2.2.3 10.00 166.00 176.00 OK
r-release-osx-x86_64 2.2.3 WARN
r-oldrel-windows-ix86+x86_64 2.2.3 6.00 270.00 276.00 NOTE
r-oldrel-osx-x86_64 2.2.3 WARN

Check Details

Version: 2.2.3
Check: package dependencies
Result: NOTE
    Package suggested but not available for checking: 'rhdf5'
Flavor: r-devel-linux-x86_64-debian-clang

Version: 2.2.3
Check: whether package can be installed
Result: WARN
    Found the following significant warnings:
     Warning: unable to re-encode 'addClassAndAttributes.R' line 1
     Warning: unable to re-encode 'addDateTimeColumns.R' line 1
     Warning: unable to re-encode 'antaresDataTableMethods.R' line 1
     Warning: unable to re-encode 'changeTimeStep.R' line 1
     Warning: unable to re-encode 'copyToClipboard.R' line 1
     Warning: unable to re-encode 'extractDataList.R' line 1
     Warning: unable to re-encode 'getAreas.R' line 1
     Warning: unable to re-encode 'getIds.R' line 1
     Warning: unable to re-encode 'getLinks.R' line 1
     Warning: unable to re-encode 'giveSize.R' line 1
     Warning: unable to re-encode 'groupByDistrict.R' line 1
     Warning: unable to re-encode 'h5utils.R' line 1
     Warning: unable to re-encode 'importInput.R' line 1
     Warning: unable to re-encode 'importOutput.R' line 1
     Warning: unable to re-encode 'mergeByRef.R' line 1
     Warning: unable to re-encode 'print.R' line 1
     Warning: unable to re-encode 'readAntares.R' line 1
     Warning: unable to re-encode 'readBindingConstraints.R' line 1
     Warning: unable to re-encode 'readClusterDesc.R' line 1
     Warning: unable to re-encode 'readIniFile.R' line 1
     Warning: unable to re-encode 'readInputTS.R' line 1
     Warning: unable to re-encode 'readLayout.R' line 1
     Warning: unable to re-encode 'removeVirtualAreas.R' line 1
     Warning: unable to re-encode 'reorderCols.R' line 1
     Warning: unable to re-encode 'setSimulationPath.R' line 1
     Warning: unable to re-encode 'showAliases.R' line 1
     Warning: unable to re-encode 'simOptions.R' line 1
     Warning: unable to re-encode 'timeIdToDate.R' line 1
     Warning: unable to re-encode 'viewAntares.R' line 1
     Warning: unable to re-encode 'zzz.R' line 1
Flavor: r-devel-linux-x86_64-debian-clang

Version: 2.2.3
Check: re-building of vignette outputs
Result: WARN
    Error in re-building vignettes:
     ...
    Warning in engine$weave(file, quiet = quiet, encoding = enc) :
     Pandoc (>= 1.12.3) and/or pandoc-citeproc not available. Falling back to R Markdown v1.
    Warning in engine$weave(file, quiet = quiet, encoding = enc) :
     Pandoc (>= 1.12.3) and/or pandoc-citeproc not available. Falling back to R Markdown v1.
    Quitting from lines 38-72 (antaresH5.Rmd)
    Error: processing vignette 'antaresH5.Rmd' failed with diagnostics:
    there is no package called 'webshot'
    Execution halted
Flavor: r-patched-solaris-x86

Version: 2.2.3
Check: re-building of vignette outputs
Result: WARN
    Error in re-building vignettes:
     ...
    Warning in engine$weave(file, quiet = quiet, encoding = enc) :
     Pandoc (>= 1.12.3) and/or pandoc-citeproc not available. Falling back to R Markdown v1.
    Warning in engine$weave(file, quiet = quiet, encoding = enc) :
     Pandoc (>= 1.12.3) and/or pandoc-citeproc not available. Falling back to R Markdown v1.
    Quitting from lines 38-72 (antaresH5.Rmd)
    Error: processing vignette 'antaresH5.Rmd' failed with diagnostics:
    cannot open the connection
    Execution halted
Flavors: r-release-osx-x86_64, r-oldrel-osx-x86_64

Version: 2.2.3
Check: dependencies in R code
Result: NOTE
    Missing or unexported object: 'rhdf5::h5closeAll'
Flavors: r-oldrel-windows-ix86+x86_64, r-oldrel-osx-x86_64