CRAN Package Check Results for Package antaresProcessing

Last updated on 2019-05-22 13:47:09 CEST.

Flavor Version Tinstall Tcheck Ttotal Status Flags
r-devel-linux-x86_64-debian-clang 0.17.0 5.48 183.03 188.51 OK
r-devel-linux-x86_64-debian-gcc 0.17.0 4.80 192.77 197.57 OK
r-devel-linux-x86_64-fedora-clang 0.17.0 156.76 OK
r-devel-linux-x86_64-fedora-gcc 0.17.0 147.84 OK
r-devel-windows-ix86+x86_64 0.17.0 12.00 138.00 150.00 OK
r-patched-linux-x86_64 0.17.0 5.35 160.86 166.21 OK
r-patched-solaris-x86 0.17.0 171.80 OK
r-release-linux-x86_64 0.17.0 5.31 164.14 169.45 OK
r-release-windows-ix86+x86_64 0.17.0 18.00 185.00 203.00 OK
r-release-osx-x86_64 0.17.0 ERROR
r-oldrel-windows-ix86+x86_64 0.17.0 8.00 127.00 135.00 OK
r-oldrel-osx-x86_64 0.17.0 OK

Check Details

Version: 0.17.0
Check: package dependencies
Result: NOTE
    Package suggested but not available for checking: ‘rhdf5’
Flavor: r-release-osx-x86_64

Version: 0.17.0
Check: tests
Result: ERROR
     Running ‘testthat.R’ [80s/128s]
    Running the tests in ‘tests/testthat.R’ failed.
    Last 13 lines of output:
     ══ testthat results ═══════════════════════════════════════════════════════════
     OK: 381 SKIPPED: 0 FAILED: 25
     1. Error: h5 : processing correctBalance when mcYear is set to NULL (@test-correctBalance.R#72)
     2. Error: h5 : processing correctBalance when mcYear is set to 1 (@test-correctBalance.R#108)
     3. Error: h5 : processing correctBalance when mcYear is set to 1 for weekly or monthly data (@test-correctBalance.R#146)
     4. Error: h5 : processing correctBalance when mcYear is set to 1 for monthly data on districts (@test-correctBalance.R#227)
     5. Error: h5 : processing correctBalance with addProcessingH5 (@test-correctBalance.R#273)
     6. Error: h5 : processing, write results (@test-h5_processing.R#4)
     7. Error: h5 : processing, write results mcAll (@test-h5_processing.R#30)
     8. Error: h5 : all data (@test-h5_processing.R#56)
     9. Error: h5 : processing calc by user (@test-h5_processing.R#72)
     1. ...
    
     Error: testthat unit tests failed
     Execution halted
Flavor: r-release-osx-x86_64