CRAN Package Check Results for Package anomalize

Last updated on 2019-02-20 18:47:03 CET.

Flavor Version Tinstall Tcheck Ttotal Status Flags
r-devel-linux-x86_64-debian-clang 0.1.1 4.26 111.76 116.02 OK
r-devel-linux-x86_64-debian-gcc 0.1.1 3.52 83.30 86.82 OK
r-devel-linux-x86_64-fedora-clang 0.1.1 141.57 NOTE
r-devel-linux-x86_64-fedora-gcc 0.1.1 131.41 OK
r-devel-windows-ix86+x86_64 0.1.1 15.00 173.00 188.00 NOTE
r-patched-linux-x86_64 0.1.1 OK
r-patched-solaris-x86 0.1.1 172.50 NOTE
r-release-linux-x86_64 0.1.1 OK
r-release-windows-ix86+x86_64 0.1.1 7.00 150.00 157.00 NOTE
r-release-osx-x86_64 0.1.1 NOTE
r-oldrel-windows-ix86+x86_64 0.1.1 8.00 137.00 145.00 NOTE
r-oldrel-osx-x86_64 0.1.1 NOTE

Check Details

Version: 0.1.1
Check: installed package size
Result: NOTE
     installed size is 5.4Mb
     sub-directories of 1Mb or more:
     help 4.7Mb
Flavors: r-devel-linux-x86_64-fedora-clang, r-devel-windows-ix86+x86_64, r-patched-solaris-x86, r-release-windows-ix86+x86_64, r-release-osx-x86_64, r-oldrel-windows-ix86+x86_64, r-oldrel-osx-x86_64