CRAN Package Check Results for Package anomalize

Last updated on 2019-04-25 21:51:33 CEST.

Flavor Version Tinstall Tcheck Ttotal Status Flags
r-devel-linux-x86_64-debian-clang 0.1.1 5.95 101.84 107.79 OK
r-devel-linux-x86_64-debian-gcc 0.1.1 4.21 77.86 82.07 OK
r-devel-linux-x86_64-fedora-clang 0.1.1 122.08 NOTE
r-devel-linux-x86_64-fedora-gcc 0.1.1 128.74 OK
r-devel-windows-ix86+x86_64 0.1.1 23.00 155.00 178.00 NOTE
r-patched-linux-x86_64 0.1.1 5.87 99.35 105.22 OK
r-patched-solaris-x86 0.1.1 175.20 NOTE
r-release-linux-x86_64 0.1.1 3.29 95.71 99.00 OK
r-release-windows-ix86+x86_64 0.1.1 9.00 120.00 129.00 NOTE
r-release-osx-x86_64 0.1.1 NOTE
r-oldrel-windows-ix86+x86_64 0.1.1 7.00 137.00 144.00 NOTE
r-oldrel-osx-x86_64 0.1.1 NOTE

Check Details

Version: 0.1.1
Check: installed package size
Result: NOTE
     installed size is 5.4Mb
     sub-directories of 1Mb or more:
     help 4.7Mb
Flavors: r-devel-linux-x86_64-fedora-clang, r-devel-windows-ix86+x86_64, r-patched-solaris-x86, r-release-windows-ix86+x86_64, r-release-osx-x86_64, r-oldrel-windows-ix86+x86_64, r-oldrel-osx-x86_64