CRAN Package Check Results for Package anomalize

Last updated on 2019-08-24 08:49:45 CEST.

Flavor Version Tinstall Tcheck Ttotal Status Flags
r-devel-linux-x86_64-debian-clang 0.1.1 6.03 102.46 108.49 OK
r-devel-linux-x86_64-debian-gcc 0.1.1 5.25 78.17 83.42 OK
r-devel-linux-x86_64-fedora-clang 0.1.1 131.69 NOTE
r-devel-linux-x86_64-fedora-gcc 0.1.1 123.45 OK
r-devel-windows-ix86+x86_64 0.1.1 15.00 144.00 159.00 NOTE
r-patched-linux-x86_64 0.1.1 4.96 100.64 105.60 OK
r-patched-solaris-x86 0.1.1 172.70 NOTE
r-release-linux-x86_64 0.1.1 5.73 100.46 106.19 OK
r-release-windows-ix86+x86_64 0.1.1 32.00 180.00 212.00 NOTE
r-release-osx-x86_64 0.1.1 NOTE
r-oldrel-windows-ix86+x86_64 0.1.1 13.00 158.00 171.00 NOTE
r-oldrel-osx-x86_64 0.1.1 NOTE

Check Details

Version: 0.1.1
Check: installed package size
Result: NOTE
     installed size is 5.4Mb
     sub-directories of 1Mb or more:
     help 4.7Mb
Flavors: r-devel-linux-x86_64-fedora-clang, r-devel-windows-ix86+x86_64, r-patched-solaris-x86, r-release-windows-ix86+x86_64, r-release-osx-x86_64, r-oldrel-windows-ix86+x86_64, r-oldrel-osx-x86_64