CRAN Package Check Results for Package anoint

Last updated on 2020-06-04 15:49:03 CEST.

Flavor Version Tinstall Tcheck Ttotal Status Flags
r-devel-linux-x86_64-debian-clang 1.4 11.80 74.54 86.34 NOTE
r-devel-linux-x86_64-debian-gcc 1.4 10.18 58.66 68.84 NOTE
r-devel-linux-x86_64-fedora-clang 1.4 113.42 NOTE
r-devel-linux-x86_64-fedora-gcc 1.4 102.69 NOTE
r-devel-windows-ix86+x86_64 1.4 27.00 98.00 125.00 NOTE
r-patched-linux-x86_64 1.4 11.47 74.64 86.11 NOTE
r-patched-solaris-x86 1.4 156.00 NOTE
r-release-linux-x86_64 1.4 11.17 73.73 84.90 NOTE
r-release-osx-x86_64 1.4 NOTE
r-release-windows-ix86+x86_64 1.4 19.00 113.00 132.00 NOTE
r-oldrel-osx-x86_64 1.4 NOTE
r-oldrel-windows-ix86+x86_64 1.4 24.00 77.00 101.00 NOTE

Check Details

Version: 1.4
Check: whether the namespace can be loaded with stated dependencies
Result: NOTE
    Warning: no function found corresponding to methods exports from 'anoint' for: 'show'
    
    A namespace must be able to be loaded with just the base namespace
    loaded: otherwise if the namespace gets loaded by a saved object, the
    session will be unable to start.
    
    Probably some imports need to be declared in the NAMESPACE file.
Flavors: r-devel-linux-x86_64-debian-clang, r-devel-linux-x86_64-debian-gcc, r-devel-linux-x86_64-fedora-clang, r-devel-linux-x86_64-fedora-gcc, r-devel-windows-ix86+x86_64, r-patched-linux-x86_64, r-patched-solaris-x86, r-release-linux-x86_64, r-release-osx-x86_64, r-release-windows-ix86+x86_64, r-oldrel-osx-x86_64, r-oldrel-windows-ix86+x86_64