Last updated on 2023-12-02 05:49:46 CET.
Flavor | Version | Tinstall | Tcheck | Ttotal | Status | Flags |
---|---|---|---|---|---|---|
r-devel-linux-x86_64-debian-clang | 0.7.5.6 | 12.24 | 101.80 | 114.04 | NOTE | |
r-devel-linux-x86_64-debian-gcc | 0.7.5.6 | 7.96 | 77.99 | 85.95 | NOTE | |
r-devel-linux-x86_64-fedora-clang | 0.7.5.6 | 140.33 | OK | |||
r-devel-linux-x86_64-fedora-gcc | 0.7.5.6 | 146.30 | OK | |||
r-devel-windows-x86_64 | 0.7.5.6 | 10.00 | 167.00 | 177.00 | OK | |
r-patched-linux-x86_64 | 0.7.5.6 | 10.85 | 99.79 | 110.64 | OK | |
r-release-linux-x86_64 | 0.7.5.6 | 10.56 | 99.88 | 110.44 | OK | |
r-release-macos-arm64 | 0.7.5.6 | 49.00 | OK | |||
r-release-macos-x86_64 | 0.7.5.6 | 82.00 | OK | |||
r-release-windows-x86_64 | 0.7.5.6 | 12.00 | 144.00 | 156.00 | OK | |
r-oldrel-macos-arm64 | 0.7.5.6 | 41.00 | OK | |||
r-oldrel-macos-x86_64 | 0.7.5.6 | 55.00 | OK | |||
r-oldrel-windows-x86_64 | 0.7.5.6 | 13.00 | 142.00 | 155.00 | OK |
Version: 0.7.5.6
Check: Rd files
Result: NOTE
checkRd: (-1) concat.Rd:35: Lost braces; missing escapes or markup?
35 | \item{index_unique}{Whether to make the index unique by using the keys. If provided, this is the delimeter between "{orig_idx}{index_unique}{key}". When \code{NULL}, the original indices are kept.}
| ^
checkRd: (-1) concat.Rd:35: Lost braces
35 | \item{index_unique}{Whether to make the index unique by using the keys. If provided, this is the delimeter between "{orig_idx}{index_unique}{key}". When \code{NULL}, the original indices are kept.}
| ^
checkRd: (-1) concat.Rd:35: Lost braces
35 | \item{index_unique}{Whether to make the index unique by using the keys. If provided, this is the delimeter between "{orig_idx}{index_unique}{key}". When \code{NULL}, the original indices are kept.}
| ^
Flavors: r-devel-linux-x86_64-debian-clang, r-devel-linux-x86_64-debian-gcc