CRAN Package Check Results for Package animl

Last updated on 2022-12-08 19:49:29 CET.

Flavor Version Tinstall Tcheck Ttotal Status Flags
r-devel-linux-x86_64-debian-clang 1.0.0 5.77 59.20 64.97 OK
r-devel-linux-x86_64-debian-gcc 1.0.0 4.09 46.72 50.81 OK
r-devel-linux-x86_64-fedora-clang 1.0.0 94.40 NOTE
r-devel-linux-x86_64-fedora-gcc 1.0.0 97.15 NOTE
r-devel-windows-x86_64 1.0.0 12.00 94.00 106.00 OK
r-patched-linux-x86_64 1.0.0 6.19 55.56 61.75 OK
r-release-linux-x86_64 1.0.0 4.42 55.28 59.70 OK
r-release-macos-arm64 1.0.0 29.00 NOTE
r-release-macos-x86_64 1.0.0 56.00 NOTE
r-release-windows-x86_64 1.0.0 18.00 87.00 105.00 OK
r-oldrel-macos-arm64 1.0.0 26.00 NOTE
r-oldrel-macos-x86_64 1.0.0 37.00 NOTE
r-oldrel-windows-ix86+x86_64 1.0.0 26.00 81.00 107.00 OK

Check Details

Version: 1.0.0
Check: dependencies in R code
Result: NOTE
    Namespace in Imports field not imported from: ‘data.table’
     All declared Imports should be used.
Flavors: r-devel-linux-x86_64-fedora-clang, r-devel-linux-x86_64-fedora-gcc, r-release-macos-arm64, r-release-macos-x86_64, r-oldrel-macos-arm64, r-oldrel-macos-x86_64