CRAN Package Check Results for Package anapuce

Last updated on 2019-11-14 09:49:23 CET.

Flavor Version Tinstall Tcheck Ttotal Status Flags
r-devel-linux-x86_64-debian-clang 2.3 3.12 24.10 27.22 NOTE
r-devel-linux-x86_64-debian-gcc 2.3 3.28 19.40 22.68 NOTE
r-devel-linux-x86_64-fedora-clang 2.3 34.28 NOTE
r-devel-linux-x86_64-fedora-gcc 2.3 33.75 NOTE
r-devel-windows-ix86+x86_64 2.3 7.00 34.00 41.00 OK
r-patched-linux-x86_64 2.3 3.34 23.80 27.14 OK
r-patched-solaris-x86 2.3 50.20 OK
r-release-linux-x86_64 2.3 3.57 24.23 27.80 OK
r-release-windows-ix86+x86_64 2.3 6.00 49.00 55.00 OK
r-release-osx-x86_64 2.3 OK
r-oldrel-windows-ix86+x86_64 2.3 6.00 41.00 47.00 OK
r-oldrel-osx-x86_64 2.3 OK

Check Details

Version: 2.3
Check: for non-standard things in the check directory
Result: NOTE
    Found the following files/directories:
     'BH-0.05-ListOfGenes.txt' 'BH-0.05-VM-ListOfGenes.txt'
     'CompleteListOfGenes.txt' 'GenesOutOfAnalysis.txt'
     'GenesOutOfAnalysis_NotEnoughObs.txt'
     'GenesOutOfAnalysis_NullVar.txt' 'VM-CompleteListOfGenes.txt'
     'bonferroni-0.05-ListOfGenes.txt'
     'bonferroni-0.05-VM-ListOfGenes.txt'
Flavors: r-devel-linux-x86_64-debian-clang, r-devel-linux-x86_64-debian-gcc, r-devel-linux-x86_64-fedora-clang, r-devel-linux-x86_64-fedora-gcc