CRAN Package Check Results for Package anapuce

Last updated on 2020-06-04 15:49:03 CEST.

Flavor Version Tinstall Tcheck Ttotal Status Flags
r-devel-linux-x86_64-debian-clang 2.3 4.45 26.17 30.62 NOTE
r-devel-linux-x86_64-debian-gcc 2.3 3.15 20.89 24.04 NOTE
r-devel-linux-x86_64-fedora-clang 2.3 44.28 NOTE
r-devel-linux-x86_64-fedora-gcc 2.3 35.94 NOTE
r-devel-windows-ix86+x86_64 2.3 9.00 46.00 55.00 OK
r-patched-linux-x86_64 2.3 3.95 26.39 30.34 NOTE
r-patched-solaris-x86 2.3 54.20 NOTE
r-release-linux-x86_64 2.3 3.62 26.10 29.72 NOTE
r-release-osx-x86_64 2.3 OK
r-release-windows-ix86+x86_64 2.3 7.00 32.00 39.00 OK
r-oldrel-osx-x86_64 2.3 OK
r-oldrel-windows-ix86+x86_64 2.3 6.00 49.00 55.00 OK

Check Details

Version: 2.3
Check: for non-standard things in the check directory
Result: NOTE
    Found the following files/directories:
     'BH-0.05-ListOfGenes.txt' 'BH-0.05-VM-ListOfGenes.txt'
     'CompleteListOfGenes.txt' 'GenesOutOfAnalysis.txt'
     'GenesOutOfAnalysis_NotEnoughObs.txt'
     'GenesOutOfAnalysis_NullVar.txt' 'VM-CompleteListOfGenes.txt'
     'bonferroni-0.05-ListOfGenes.txt'
     'bonferroni-0.05-VM-ListOfGenes.txt'
Flavors: r-devel-linux-x86_64-debian-clang, r-devel-linux-x86_64-debian-gcc, r-devel-linux-x86_64-fedora-clang, r-devel-linux-x86_64-fedora-gcc, r-patched-linux-x86_64, r-patched-solaris-x86, r-release-linux-x86_64