CRAN Package Check Results for Package analyzer

Last updated on 2023-10-01 01:53:10 CEST.

Flavor Version Tinstall Tcheck Ttotal Status Flags
r-devel-linux-x86_64-debian-clang 1.0.1 6.73 100.86 107.59 NOTE
r-devel-linux-x86_64-debian-gcc 1.0.1 6.37 73.83 80.20 NOTE
r-devel-linux-x86_64-fedora-clang 1.0.1 127.37 NOTE
r-devel-linux-x86_64-fedora-gcc 1.0.1 140.89 NOTE
r-devel-windows-x86_64 1.0.1 9.00 92.00 101.00 NOTE
r-patched-linux-x86_64 1.0.1 9.12 93.22 102.34 NOTE
r-release-linux-x86_64 1.0.1 7.28 96.22 103.50 NOTE
r-release-macos-arm64 1.0.1 45.00 NOTE
r-release-macos-x86_64 1.0.1 76.00 NOTE
r-release-windows-x86_64 1.0.1 10.00 111.00 121.00 NOTE
r-oldrel-macos-arm64 1.0.1 40.00 NOTE
r-oldrel-macos-x86_64 1.0.1 52.00 NOTE
r-oldrel-windows-x86_64 1.0.1 10.00 103.00 113.00 NOTE

Check Details

Version: 1.0.1
Check: LazyData
Result: NOTE
     'LazyData' is specified without a 'data' directory
Flavors: r-devel-linux-x86_64-debian-clang, r-devel-linux-x86_64-debian-gcc, r-devel-linux-x86_64-fedora-clang, r-devel-linux-x86_64-fedora-gcc, r-devel-windows-x86_64, r-patched-linux-x86_64, r-release-linux-x86_64, r-release-macos-arm64, r-release-macos-x86_64, r-release-windows-x86_64, r-oldrel-macos-arm64, r-oldrel-macos-x86_64, r-oldrel-windows-x86_64