CRAN Package Check Results for Package analyzer

Last updated on 2024-06-21 01:57:13 CEST.

Flavor Version Tinstall Tcheck Ttotal Status Flags
r-devel-linux-x86_64-debian-clang 1.0.1 5.93 101.34 107.27 NOTE
r-devel-linux-x86_64-debian-gcc 1.0.1 5.94 74.99 80.93 NOTE
r-devel-linux-x86_64-fedora-clang 1.0.1 135.19 NOTE
r-devel-linux-x86_64-fedora-gcc 1.0.1 139.05 NOTE
r-devel-windows-x86_64 1.0.1 8.00 90.00 98.00 NOTE
r-patched-linux-x86_64 1.0.1 8.56 96.91 105.47 NOTE
r-release-linux-x86_64 1.0.1 8.51 98.17 106.68 NOTE
r-release-macos-arm64 1.0.1 44.00 NOTE
r-release-macos-x86_64 1.0.1 68.00 NOTE
r-release-windows-x86_64 1.0.1 7.00 93.00 100.00 NOTE
r-oldrel-macos-arm64 1.0.1 45.00 NOTE
r-oldrel-macos-x86_64 1.0.1 76.00 NOTE
r-oldrel-windows-x86_64 1.0.1 9.00 109.00 118.00 NOTE

Check Details

Version: 1.0.1
Check: LazyData
Result: NOTE 'LazyData' is specified without a 'data' directory Flavors: r-devel-linux-x86_64-debian-clang, r-devel-linux-x86_64-debian-gcc, r-devel-linux-x86_64-fedora-clang, r-devel-linux-x86_64-fedora-gcc, r-devel-windows-x86_64, r-patched-linux-x86_64, r-release-linux-x86_64, r-release-macos-arm64, r-release-macos-x86_64, r-release-windows-x86_64, r-oldrel-macos-arm64, r-oldrel-macos-x86_64, r-oldrel-windows-x86_64