CRAN Package Check Results for Package analogsea

Last updated on 2020-10-21 08:49:09 CEST.

Flavor Version Tinstall Tcheck Ttotal Status Flags
r-devel-linux-x86_64-debian-clang 0.9.0 5.46 39.33 44.79 OK
r-devel-linux-x86_64-debian-gcc 0.9.0 4.24 30.83 35.07 OK
r-devel-linux-x86_64-fedora-clang 0.9.0 60.74 OK
r-devel-linux-x86_64-fedora-gcc 0.9.0 51.36 OK
r-devel-windows-ix86+x86_64 0.9.0 10.00 62.00 72.00 OK
r-patched-linux-x86_64 0.9.0 4.85 37.26 42.11 OK
r-patched-solaris-x86 0.9.0 72.30 NOTE
r-release-linux-x86_64 0.9.0 5.52 37.81 43.33 OK
r-release-macos-x86_64 0.9.0 OK
r-release-windows-ix86+x86_64 0.9.0 7.00 58.00 65.00 OK
r-oldrel-macos-x86_64 0.9.0 OK
r-oldrel-windows-ix86+x86_64 0.9.0 6.00 44.00 50.00 OK

Check Details

Version: 0.9.0
Check: package dependencies
Result: NOTE
    Package suggested but not available for checking: ‘ssh’
Flavor: r-patched-solaris-x86