CRAN Package Check Results for Package analogsea

Last updated on 2021-01-20 14:47:11 CET.

Flavor Version Tinstall Tcheck Ttotal Status Flags
r-devel-linux-x86_64-debian-clang 0.9.0 5.05 40.07 45.12 OK
r-devel-linux-x86_64-debian-gcc 0.9.0 3.21 31.05 34.26 OK
r-devel-linux-x86_64-fedora-clang 0.9.0 62.45 OK
r-devel-linux-x86_64-fedora-gcc 0.9.0 52.11 OK
r-devel-windows-ix86+x86_64 0.9.0 8.00 47.00 55.00 OK
r-patched-linux-x86_64 0.9.0 4.99 38.54 43.53 OK
r-patched-solaris-x86 0.9.0 74.90 NOTE
r-release-linux-x86_64 0.9.0 4.79 38.12 42.91 OK
r-release-macos-x86_64 0.9.0 OK
r-release-windows-ix86+x86_64 0.9.0 8.00 42.00 50.00 OK
r-oldrel-macos-x86_64 0.9.0 OK
r-oldrel-windows-ix86+x86_64 0.9.0 6.00 47.00 53.00 OK

Check Details

Version: 0.9.0
Check: package dependencies
Result: NOTE
    Package suggested but not available for checking: ‘ssh’
Flavor: r-patched-solaris-x86