Last updated on 2023-10-01 01:53:10 CEST.
Flavor | Version | Tinstall | Tcheck | Ttotal | Status | Flags |
---|---|---|---|---|---|---|
r-devel-linux-x86_64-debian-clang | 0.2.1.0 | 20.98 | 450.02 | 471.00 | NOTE | |
r-devel-linux-x86_64-debian-gcc | 0.2.1.0 | 19.08 | 326.09 | 345.17 | NOTE | |
r-devel-linux-x86_64-fedora-clang | 0.2.1.0 | 556.93 | NOTE | |||
r-devel-linux-x86_64-fedora-gcc | 0.2.1.0 | 583.56 | NOTE | |||
r-devel-windows-x86_64 | 0.2.1.0 | 23.00 | 371.00 | 394.00 | NOTE | |
r-patched-linux-x86_64 | 0.2.1.0 | 20.86 | 432.94 | 453.80 | OK | |
r-release-linux-x86_64 | 0.2.1.0 | 23.64 | 425.25 | 448.89 | OK | |
r-release-macos-arm64 | 0.2.1.0 | 173.00 | OK | |||
r-release-macos-x86_64 | 0.2.1.0 | 9.00 | ERROR | |||
r-release-windows-x86_64 | 0.2.1.0 | 29.00 | 445.00 | 474.00 | OK | |
r-oldrel-macos-arm64 | 0.2.1.0 | 139.00 | OK | |||
r-oldrel-macos-x86_64 | 0.2.1.0 | 192.00 | OK | |||
r-oldrel-windows-x86_64 | 0.2.1.0 | 28.00 | 442.00 | 470.00 | OK |
Version: 0.2.1.0
Check: Rd \usage sections
Result: NOTE
Documented arguments not in \usage in documentation object 'check_factors':
‘object’
Functions with \usage entries need to have the appropriate \alias
entries, and all their arguments documented.
The \usage entries must correspond to syntactically valid R code.
See chapter ‘Writing R documentation files’ in the ‘Writing R
Extensions’ manual.
Flavors: r-devel-linux-x86_64-debian-clang, r-devel-linux-x86_64-debian-gcc, r-devel-linux-x86_64-fedora-clang, r-devel-linux-x86_64-fedora-gcc, r-devel-windows-x86_64
Version: 0.2.1.0
Check: package dependencies
Result: ERROR
Package required but not available: ‘ctmm’
See section ‘The DESCRIPTION file’ in the ‘Writing R Extensions’
manual.
Flavor: r-release-macos-x86_64