CRAN Package Check Results for Package amelie

Last updated on 2023-12-11 05:51:43 CET.

Flavor Version Tinstall Tcheck Ttotal Status Flags
r-devel-linux-x86_64-debian-clang 0.2.1 2.24 28.83 31.07 NOTE
r-devel-linux-x86_64-debian-gcc 0.2.1 1.52 22.23 23.75 NOTE
r-devel-linux-x86_64-fedora-clang 0.2.1 39.21 NOTE
r-devel-linux-x86_64-fedora-gcc 0.2.1 48.60 NOTE
r-devel-windows-x86_64 0.2.1 3.00 44.00 47.00 NOTE
r-patched-linux-x86_64 0.2.1 2.61 27.58 30.19 NOTE
r-release-linux-x86_64 0.2.1 2.48 28.76 31.24 NOTE
r-release-macos-arm64 0.2.1 23.00 NOTE
r-release-macos-x86_64 0.2.1 37.00 NOTE
r-release-windows-x86_64 0.2.1 3.00 46.00 49.00 NOTE
r-oldrel-macos-arm64 0.2.1 20.00 NOTE
r-oldrel-macos-x86_64 0.2.1 26.00 NOTE
r-oldrel-windows-x86_64 0.2.1 4.00 50.00 54.00 NOTE

Check Details

Version: 0.2.1
Check: LazyData
Result: NOTE 'LazyData' is specified without a 'data' directory Flavors: r-devel-linux-x86_64-debian-clang, r-devel-linux-x86_64-debian-gcc, r-devel-linux-x86_64-fedora-clang, r-devel-linux-x86_64-fedora-gcc, r-devel-windows-x86_64, r-patched-linux-x86_64, r-release-linux-x86_64, r-release-macos-arm64, r-release-macos-x86_64, r-release-windows-x86_64, r-oldrel-macos-arm64, r-oldrel-macos-x86_64, r-oldrel-windows-x86_64