CRAN Package Check Results for Package amelie

Last updated on 2021-06-23 01:49:24 CEST.

Flavor Version Tinstall Tcheck Ttotal Status Flags
r-devel-linux-x86_64-debian-clang 0.2.1 2.11 26.33 28.44 NOTE
r-devel-linux-x86_64-debian-gcc 0.2.1 1.71 21.10 22.81 NOTE
r-devel-linux-x86_64-fedora-clang 0.2.1 44.82 NOTE
r-devel-linux-x86_64-fedora-gcc 0.2.1 34.28 NOTE
r-devel-windows-x86_64 0.2.1 4.00 41.00 45.00 NOTE
r-devel-windows-x86_64-gcc10-UCRT 0.2.1 NOTE
r-patched-linux-x86_64 0.2.1 2.19 25.91 28.10 NOTE
r-patched-solaris-x86 0.2.1 54.00 NOTE
r-release-linux-x86_64 0.2.1 1.80 25.63 27.43 NOTE
r-release-macos-arm64 0.2.1 NOTE
r-release-macos-x86_64 0.2.1 NOTE
r-release-windows-ix86+x86_64 0.2.1 5.00 32.00 37.00 NOTE
r-oldrel-macos-x86_64 0.2.1 OK

Check Details

Version: 0.2.1
Check: LazyData
Result: NOTE
     'LazyData' is specified without a 'data' directory
Flavors: r-devel-linux-x86_64-debian-clang, r-devel-linux-x86_64-debian-gcc, r-devel-linux-x86_64-fedora-clang, r-devel-linux-x86_64-fedora-gcc, r-devel-windows-x86_64, r-devel-windows-x86_64-gcc10-UCRT, r-patched-linux-x86_64, r-patched-solaris-x86, r-release-linux-x86_64, r-release-macos-arm64, r-release-macos-x86_64, r-release-windows-ix86+x86_64