CRAN Package Check Results for Package ambient

Last updated on 2020-09-22 06:47:16 CEST.

Flavor Version Tinstall Tcheck Ttotal Status Flags
r-devel-linux-x86_64-debian-clang 1.0.0 62.67 46.05 108.72 OK
r-devel-linux-x86_64-debian-gcc 1.0.0 0.38 1.99 2.37 ERROR
r-devel-linux-x86_64-fedora-clang 1.0.0 156.39 OK
r-devel-linux-x86_64-fedora-gcc 1.0.0 130.66 OK
r-devel-windows-ix86+x86_64 1.0.0 137.00 102.00 239.00 OK
r-patched-linux-x86_64 1.0.0 42.54 44.98 87.52 OK
r-patched-solaris-x86 1.0.0 148.70 OK
r-release-linux-x86_64 1.0.0 42.84 45.99 88.83 OK
r-release-macos-x86_64 1.0.0 OK
r-release-windows-ix86+x86_64 1.0.0 136.00 100.00 236.00 OK
r-oldrel-macos-x86_64 1.0.0 OK
r-oldrel-windows-ix86+x86_64 1.0.0 101.00 107.00 208.00 OK

Check Details

Version: 1.0.0
Check: whether package can be installed
Result: ERROR
    Installation failed.
Flavor: r-devel-linux-x86_64-debian-gcc