Last updated on 2023-02-07 07:53:51 CET.
Flavor | Version | Tinstall | Tcheck | Ttotal | Status | Flags |
---|---|---|---|---|---|---|
r-devel-linux-x86_64-debian-clang | 1.0.2 | 21.73 | 51.78 | 73.51 | NOTE | |
r-devel-linux-x86_64-debian-gcc | 1.0.2 | 17.53 | 41.86 | 59.39 | NOTE | |
r-devel-linux-x86_64-fedora-clang | 1.0.2 | 104.94 | NOTE | |||
r-devel-linux-x86_64-fedora-gcc | 1.0.2 | 94.74 | NOTE | |||
r-devel-windows-x86_64 | 1.0.2 | 73.00 | 104.00 | 177.00 | NOTE | |
r-patched-linux-x86_64 | 1.0.2 | 18.73 | 50.27 | 69.00 | OK | |
r-release-linux-x86_64 | 1.0.2 | 18.25 | 52.50 | 70.75 | OK | |
r-release-macos-arm64 | 1.0.2 | 36.00 | OK | |||
r-release-macos-x86_64 | 1.0.2 | 62.00 | OK | |||
r-release-windows-x86_64 | 1.0.2 | 46.00 | 105.00 | 151.00 | OK | |
r-oldrel-macos-arm64 | 1.0.2 | 35.00 | OK | |||
r-oldrel-macos-x86_64 | 1.0.2 | 52.00 | OK | |||
r-oldrel-windows-ix86+x86_64 | 1.0.2 | 59.00 | 120.00 | 179.00 | OK |
Version: 1.0.2
Check: C++ specification
Result: NOTE
Specified C++11: please update to current default of C++17
Flavors: r-devel-linux-x86_64-debian-clang, r-devel-linux-x86_64-debian-gcc, r-devel-linux-x86_64-fedora-clang, r-devel-linux-x86_64-fedora-gcc, r-devel-windows-x86_64