CRAN Package Check Results for Package ambient

Last updated on 2023-11-30 07:52:27 CET.

Flavor Version Tinstall Tcheck Ttotal Status Flags
r-devel-linux-x86_64-debian-clang 1.0.2 23.33 52.76 76.09 NOTE
r-devel-linux-x86_64-debian-gcc 1.0.2 15.24 41.82 57.06 NOTE
r-devel-linux-x86_64-fedora-clang 1.0.2 105.87 NOTE
r-devel-linux-x86_64-fedora-gcc 1.0.2 103.52 NOTE
r-devel-windows-x86_64 1.0.2 21.00 85.00 106.00 NOTE
r-patched-linux-x86_64 1.0.2 19.08 51.99 71.07 NOTE
r-release-linux-x86_64 1.0.2 19.83 51.32 71.15 NOTE
r-release-macos-arm64 1.0.2 39.00 NOTE
r-release-macos-x86_64 1.0.2 58.00 NOTE
r-release-windows-x86_64 1.0.2 22.00 87.00 109.00 NOTE
r-oldrel-macos-arm64 1.0.2 38.00 OK
r-oldrel-macos-x86_64 1.0.2 62.00 OK
r-oldrel-windows-x86_64 1.0.2 31.00 87.00 118.00 OK

Check Details

Version: 1.0.2
Check: C++ specification
Result: NOTE Specified C++11: please drop specification unless essential Flavors: r-devel-linux-x86_64-debian-clang, r-devel-linux-x86_64-debian-gcc, r-devel-linux-x86_64-fedora-clang, r-devel-linux-x86_64-fedora-gcc, r-devel-windows-x86_64, r-patched-linux-x86_64, r-release-linux-x86_64, r-release-macos-arm64, r-release-macos-x86_64, r-release-windows-x86_64