CRAN Package Check Results for Package amapGeocode

Last updated on 2023-10-01 01:53:10 CEST.

Flavor Version Tinstall Tcheck Ttotal Status Flags
r-devel-linux-x86_64-debian-clang 0.6.0 2.89 30.37 33.26 OK
r-devel-linux-x86_64-debian-gcc 0.6.0 2.12 23.86 25.98 OK
r-devel-linux-x86_64-fedora-clang 0.6.0 41.83 NOTE
r-devel-linux-x86_64-fedora-gcc 0.6.0 55.50 NOTE
r-devel-windows-x86_64 0.6.0 4.00 50.00 54.00 OK
r-patched-linux-x86_64 0.6.0 3.36 29.15 32.51 OK
r-release-linux-x86_64 0.6.0 2.05 29.46 31.51 OK
r-release-macos-arm64 0.6.0 25.00 OK
r-release-macos-x86_64 0.6.0 36.00 OK
r-release-windows-x86_64 0.6.0 5.00 49.00 54.00 OK
r-oldrel-macos-arm64 0.6.0 19.00 NOTE
r-oldrel-macos-x86_64 0.6.0 25.00 NOTE
r-oldrel-windows-x86_64 0.6.0 4.00 55.00 59.00 OK

Check Details

Version: 0.6.0
Check: dependencies in R code
Result: NOTE
    Namespace in Imports field not imported from: ‘jsonlite’
     All declared Imports should be used.
Flavors: r-devel-linux-x86_64-fedora-clang, r-devel-linux-x86_64-fedora-gcc, r-oldrel-macos-arm64, r-oldrel-macos-x86_64