Last updated on 2023-09-21 19:53:34 CEST.
Flavor | Version | Tinstall | Tcheck | Ttotal | Status | Flags |
---|---|---|---|---|---|---|
r-devel-linux-x86_64-debian-clang | 0.8-19 | 10.50 | 35.69 | 46.19 | OK | |
r-devel-linux-x86_64-debian-gcc | 0.8-19 | 8.37 | 27.89 | 36.26 | OK | |
r-devel-linux-x86_64-fedora-clang | 0.8-19 | 56.90 | OK | |||
r-devel-linux-x86_64-fedora-gcc | 0.8-19 | 75.23 | OK | |||
r-devel-windows-x86_64 | 0.8-19 | 12.00 | 72.00 | 84.00 | OK | |
r-patched-linux-x86_64 | 0.8-19 | 10.85 | 35.21 | 46.06 | OK | |
r-release-linux-x86_64 | 0.8-19 | 10.63 | 35.52 | 46.15 | OK | |
r-release-macos-arm64 | 0.8-19 | 30.00 | OK | |||
r-release-macos-x86_64 | 0.8-19 | 37.00 | NOTE | |||
r-release-windows-x86_64 | 0.8-19 | 15.00 | 76.00 | 91.00 | OK | |
r-oldrel-macos-arm64 | 0.8-19 | 23.00 | OK | |||
r-oldrel-macos-x86_64 | 0.8-19 | 33.00 | OK | |||
r-oldrel-windows-x86_64 | 0.8-19 | 23.00 | 81.00 | 104.00 | OK |
Version: 0.8-19
Check: package dependencies
Result: NOTE
Package suggested but not available for checking: ‘Biobase’
Flavor: r-release-macos-x86_64