Last updated on 2023-12-11 05:51:43 CET.
Flavor | Version | Tinstall | Tcheck | Ttotal | Status | Flags |
---|---|---|---|---|---|---|
r-devel-linux-x86_64-debian-clang | 0.2.3 | 9.60 | 131.10 | 140.70 | OK | |
r-devel-linux-x86_64-debian-gcc | 0.2.3 | 5.46 | 99.67 | 105.13 | OK | |
r-devel-linux-x86_64-fedora-clang | 0.2.3 | 123.00 | NOTE | |||
r-devel-linux-x86_64-fedora-gcc | 0.2.3 | 128.99 | NOTE | |||
r-devel-windows-x86_64 | 0.2.3 | 9.00 | 85.00 | 94.00 | NOTE | |
r-patched-linux-x86_64 | 0.2.3 | 5.96 | 124.43 | 130.39 | OK | |
r-release-linux-x86_64 | 0.2.3 | 6.33 | 126.49 | 132.82 | OK | |
r-release-macos-arm64 | 0.2.3 | 44.00 | NOTE | |||
r-release-macos-x86_64 | 0.2.3 | 76.00 | NOTE | |||
r-release-windows-x86_64 | 0.2.3 | 12.00 | 96.00 | 108.00 | NOTE | |
r-oldrel-macos-arm64 | 0.2.3 | 50.00 | NOTE | |||
r-oldrel-macos-x86_64 | 0.2.3 | 75.00 | NOTE | |||
r-oldrel-windows-x86_64 | 0.2.3 | 14.00 | 102.00 | 116.00 | NOTE |
Version: 0.2.3
Check: package dependencies
Result: NOTE
Package suggested but not available for checking: ‘metaboliteIDmapping’
Flavors: r-devel-linux-x86_64-fedora-clang, r-devel-linux-x86_64-fedora-gcc, r-devel-windows-x86_64, r-release-macos-arm64, r-release-macos-x86_64, r-release-windows-x86_64, r-oldrel-macos-arm64, r-oldrel-macos-x86_64, r-oldrel-windows-x86_64
Version: 0.2.3
Check: dependencies in R code
Result: NOTE
Namespace in Imports field not imported from: ‘magrittr’
All declared Imports should be used.
Flavors: r-devel-linux-x86_64-fedora-clang, r-devel-linux-x86_64-fedora-gcc, r-oldrel-macos-arm64, r-oldrel-macos-x86_64