CRAN Package Check Results for Package altfuelr

Last updated on 2023-09-27 04:10:25 CEST.

Flavor Version Tinstall Tcheck Ttotal Status Flags
r-devel-linux-x86_64-debian-clang 0.1.0 5.47 28.61 34.08 OK
r-devel-linux-x86_64-debian-gcc 0.1.0 4.76 22.72 27.48 OK
r-devel-linux-x86_64-fedora-clang 0.1.0 42.33 NOTE
r-devel-linux-x86_64-fedora-gcc 0.1.0 44.65 NOTE
r-devel-windows-x86_64 0.1.0 7.00 45.00 52.00 OK
r-patched-linux-x86_64 0.1.0 4.51 28.66 33.17 OK
r-release-linux-x86_64 0.1.0 5.36 28.27 33.63 OK
r-release-macos-arm64 0.1.0 23.00 OK
r-release-macos-x86_64 0.1.0 31.00 OK
r-release-windows-x86_64 0.1.0 10.00 47.00 57.00 OK
r-oldrel-macos-arm64 0.1.0 21.00 NOTE
r-oldrel-macos-x86_64 0.1.0 29.00 NOTE
r-oldrel-windows-x86_64 0.1.0 10.00 48.00 58.00 OK

Check Details

Version: 0.1.0
Check: data for non-ASCII characters
Result: NOTE
     Note: found 171 marked UTF-8 strings
Flavors: r-devel-linux-x86_64-fedora-clang, r-devel-linux-x86_64-fedora-gcc, r-oldrel-macos-arm64, r-oldrel-macos-x86_64