CRAN Package Check Results for Package altair

Last updated on 2020-08-12 21:49:30 CEST.

Flavor Version Tinstall Tcheck Ttotal Status Flags
r-devel-linux-x86_64-debian-clang 4.0.1 6.93 70.54 77.47 NOTE
r-devel-linux-x86_64-debian-gcc 4.0.1 4.87 52.24 57.11 OK
r-devel-linux-x86_64-fedora-clang 4.0.1 96.43 OK
r-devel-linux-x86_64-fedora-gcc 4.0.1 86.07 OK
r-devel-windows-ix86+x86_64 4.0.1 17.00 103.00 120.00 OK
r-patched-linux-x86_64 4.0.1 6.95 66.72 73.67 OK
r-patched-solaris-x86 4.0.1 132.80 NOTE
r-release-linux-x86_64 4.0.1 7.01 65.88 72.89 NOTE
r-release-macos-x86_64 4.0.1 OK
r-release-windows-ix86+x86_64 4.0.1 21.00 111.00 132.00 OK
r-oldrel-macos-x86_64 4.0.1 OK
r-oldrel-windows-ix86+x86_64 4.0.1 13.00 70.00 83.00 OK

Check Details

Version: 4.0.1
Check: package dependencies
Result: NOTE
    Package suggested but not available for checking: 'tidyr'
Flavors: r-devel-linux-x86_64-debian-clang, r-release-linux-x86_64

Version: 4.0.1
Check: package dependencies
Result: NOTE
    Package suggested but not available for checking: ‘rsvg’
Flavor: r-patched-solaris-x86