CRAN Package Check Results for Package altadata

Last updated on 2024-07-14 07:54:45 CEST.

Flavor Version Tinstall Tcheck Ttotal Status Flags
r-devel-linux-x86_64-debian-clang 0.1.1 2.47 21.91 24.38 NOTE
r-devel-linux-x86_64-debian-gcc 0.1.1 1.28 17.00 18.28 NOTE
r-devel-linux-x86_64-fedora-clang 0.1.1 31.26 NOTE
r-devel-linux-x86_64-fedora-gcc 0.1.1 29.22 NOTE
r-devel-windows-x86_64 0.1.1 4.00 42.00 46.00 NOTE
r-patched-linux-x86_64 0.1.1 1.73 20.78 22.51 NOTE
r-release-linux-x86_64 0.1.1 1.68 20.87 22.55 NOTE
r-release-macos-arm64 0.1.1 14.00 NOTE
r-release-macos-x86_64 0.1.1 18.00 NOTE
r-release-windows-x86_64 0.1.1 3.00 42.00 45.00 NOTE
r-oldrel-macos-arm64 0.1.1 16.00 NOTE
r-oldrel-macos-x86_64 0.1.1 21.00 NOTE
r-oldrel-windows-x86_64 0.1.1 4.00 42.00 46.00 NOTE

Check Details

Version: 0.1.1
Check: LazyData
Result: NOTE 'LazyData' is specified without a 'data' directory Flavors: r-devel-linux-x86_64-debian-clang, r-devel-linux-x86_64-debian-gcc, r-devel-linux-x86_64-fedora-clang, r-devel-linux-x86_64-fedora-gcc, r-devel-windows-x86_64, r-patched-linux-x86_64, r-release-linux-x86_64, r-release-macos-arm64, r-release-macos-x86_64, r-release-windows-x86_64, r-oldrel-macos-arm64, r-oldrel-macos-x86_64, r-oldrel-windows-x86_64