CRAN Package Check Results for Package alphabetr

Last updated on 2019-04-25 19:48:19 CEST.

Flavor Version Tinstall Tcheck Ttotal Status Flags
r-devel-linux-x86_64-debian-clang 0.2.2 38.76 191.87 230.63 OK
r-devel-linux-x86_64-debian-gcc 0.2.2 30.43 149.41 179.84 OK
r-devel-linux-x86_64-fedora-clang 0.2.2 315.05 NOTE
r-devel-linux-x86_64-fedora-gcc 0.2.2 306.75 NOTE
r-devel-windows-ix86+x86_64 0.2.2 99.00 260.00 359.00 OK
r-patched-linux-x86_64 0.2.2 35.58 195.49 231.07 OK
r-patched-solaris-x86 0.2.2 475.60 OK
r-release-linux-x86_64 0.2.2 35.15 198.35 233.50 OK
r-release-windows-ix86+x86_64 0.2.2 67.00 283.00 350.00 OK
r-release-osx-x86_64 0.2.2 OK
r-oldrel-windows-ix86+x86_64 0.2.2 69.00 287.00 356.00 OK
r-oldrel-osx-x86_64 0.2.2 OK

Check Details

Version: 0.2.2
Check: compiled code
Result: NOTE
    File ‘alphabetr/libs/alphabetr.so’:
     Found no calls to: ‘R_registerRoutines’, ‘R_useDynamicSymbols’
    
    It is good practice to register native routines and to disable symbol
    search.
    
    See ‘Writing portable packages’ in the ‘Writing R Extensions’ manual.
Flavors: r-devel-linux-x86_64-fedora-clang, r-devel-linux-x86_64-fedora-gcc