CRAN Package Check Results for Package alphabetr

Last updated on 2019-08-24 06:47:14 CEST.

Flavor Version Tinstall Tcheck Ttotal Status Flags
r-devel-linux-x86_64-debian-clang 0.2.2 40.68 191.31 231.99 OK
r-devel-linux-x86_64-debian-gcc 0.2.2 26.45 147.07 173.52 OK
r-devel-linux-x86_64-fedora-clang 0.2.2 261.03 NOTE
r-devel-linux-x86_64-fedora-gcc 0.2.2 254.68 NOTE
r-devel-windows-ix86+x86_64 0.2.2 84.00 213.00 297.00 OK
r-patched-linux-x86_64 0.2.2 33.29 193.54 226.83 OK
r-patched-solaris-x86 0.2.2 487.00 OK
r-release-linux-x86_64 0.2.2 31.99 197.37 229.36 OK
r-release-windows-ix86+x86_64 0.2.2 110.00 266.00 376.00 OK
r-release-osx-x86_64 0.2.2 OK
r-oldrel-windows-ix86+x86_64 0.2.2 101.00 286.00 387.00 OK
r-oldrel-osx-x86_64 0.2.2 OK

Check Details

Version: 0.2.2
Check: compiled code
Result: NOTE
    File ‘alphabetr/libs/alphabetr.so’:
     Found no calls to: ‘R_registerRoutines’, ‘R_useDynamicSymbols’
    
    It is good practice to register native routines and to disable symbol
    search.
    
    See ‘Writing portable packages’ in the ‘Writing R Extensions’ manual.
Flavors: r-devel-linux-x86_64-fedora-clang, r-devel-linux-x86_64-fedora-gcc