Last updated on 2023-12-11 05:51:43 CET.
Flavor | Version | Tinstall | Tcheck | Ttotal | Status | Flags |
---|---|---|---|---|---|---|
r-devel-linux-x86_64-debian-clang | 0.2.2 | 51.83 | 162.20 | 214.03 | NOTE | |
r-devel-linux-x86_64-debian-gcc | 0.2.2 | 34.53 | 119.68 | 154.21 | NOTE | |
r-devel-linux-x86_64-fedora-clang | 0.2.2 | 295.13 | NOTE | |||
r-devel-linux-x86_64-fedora-gcc | 0.2.2 | 298.89 | NOTE | |||
r-devel-windows-x86_64 | 0.2.2 | 41.00 | 214.00 | 255.00 | NOTE | |
r-patched-linux-x86_64 | 0.2.2 | 39.98 | 166.61 | 206.59 | NOTE | |
r-release-linux-x86_64 | 0.2.2 | 42.40 | 169.12 | 211.52 | NOTE | |
r-release-macos-arm64 | 0.2.2 | 94.00 | NOTE | |||
r-release-macos-x86_64 | 0.2.2 | 155.00 | NOTE | |||
r-release-windows-x86_64 | 0.2.2 | 53.00 | 234.00 | 287.00 | NOTE | |
r-oldrel-macos-arm64 | 0.2.2 | 76.00 | NOTE | |||
r-oldrel-macos-x86_64 | 0.2.2 | 110.00 | NOTE | |||
r-oldrel-windows-x86_64 | 0.2.2 | 49.00 | 238.00 | 287.00 | NOTE |
Version: 0.2.2
Check: LazyData
Result: NOTE
'LazyData' is specified without a 'data' directory
Flavors: r-devel-linux-x86_64-debian-clang, r-devel-linux-x86_64-debian-gcc, r-devel-linux-x86_64-fedora-clang, r-devel-linux-x86_64-fedora-gcc, r-devel-windows-x86_64, r-patched-linux-x86_64, r-release-linux-x86_64, r-release-macos-arm64, r-release-macos-x86_64, r-release-windows-x86_64, r-oldrel-macos-arm64, r-oldrel-macos-x86_64, r-oldrel-windows-x86_64
Version: 0.2.2
Check: compiled code
Result: NOTE
File ‘alphabetr/libs/alphabetr.so’:
Found no calls to: ‘R_registerRoutines’, ‘R_useDynamicSymbols’
It is good practice to register native routines and to disable symbol
search.
See ‘Writing portable packages’ in the ‘Writing R Extensions’ manual.
Flavors: r-devel-linux-x86_64-fedora-clang, r-devel-linux-x86_64-fedora-gcc