Last updated on 2023-12-11 05:51:43 CET.
Flavor | Version | Tinstall | Tcheck | Ttotal | Status | Flags |
---|---|---|---|---|---|---|
r-devel-linux-x86_64-debian-clang | 0.1.0 | 14.65 | 125.93 | 140.58 | NOTE | |
r-devel-linux-x86_64-debian-gcc | 0.1.0 | 13.05 | 92.54 | 105.59 | NOTE | |
r-devel-linux-x86_64-fedora-clang | 0.1.0 | 172.12 | OK | |||
r-devel-linux-x86_64-fedora-gcc | 0.1.0 | 171.23 | OK | |||
r-devel-windows-x86_64 | 0.1.0 | 15.00 | 107.00 | 122.00 | OK | |
r-patched-linux-x86_64 | 0.1.0 | 12.62 | 121.51 | 134.13 | OK | |
r-release-linux-x86_64 | 0.1.0 | 14.61 | 121.37 | 135.98 | OK | |
r-release-macos-arm64 | 0.1.0 | 35.00 | OK | |||
r-release-macos-x86_64 | 0.1.0 | 86.00 | OK | |||
r-release-windows-x86_64 | 0.1.0 | 19.00 | 125.00 | 144.00 | OK | |
r-oldrel-macos-arm64 | 0.1.0 | 33.00 | OK | |||
r-oldrel-macos-x86_64 | 0.1.0 | 68.00 | OK | |||
r-oldrel-windows-x86_64 | 0.1.0 | 18.00 | 133.00 | 151.00 | OK |
Version: 0.1.0
Check: Rd files
Result: NOTE
checkRd: (-1) compare_cohorts.Rd:35: Lost braces in \itemize; meant \describe ?
checkRd: (-1) compare_cohorts.Rd:36: Lost braces in \itemize; meant \describe ?
Flavors: r-devel-linux-x86_64-debian-clang, r-devel-linux-x86_64-debian-gcc