Last updated on 2023-10-01 01:53:10 CEST.
Flavor | Version | Tinstall | Tcheck | Ttotal | Status | Flags |
---|---|---|---|---|---|---|
r-devel-linux-x86_64-debian-clang | 1.1.1 | 3.27 | 49.50 | 52.77 | OK | |
r-devel-linux-x86_64-debian-gcc | 1.1.1 | 3.15 | 38.33 | 41.48 | OK | |
r-devel-linux-x86_64-fedora-clang | 1.1.1 | 66.37 | NOTE | |||
r-devel-linux-x86_64-fedora-gcc | 1.1.1 | 81.46 | OK | |||
r-devel-windows-x86_64 | 1.1.1 | 5.00 | 71.00 | 76.00 | OK | |
r-patched-linux-x86_64 | 1.1.1 | 5.21 | 48.56 | 53.77 | OK | |
r-release-linux-x86_64 | 1.1.1 | 4.25 | 48.54 | 52.79 | OK | |
r-release-macos-arm64 | 1.1.1 | 46.00 | OK | |||
r-release-macos-x86_64 | 1.1.1 | 111.00 | OK | |||
r-release-windows-x86_64 | 1.1.1 | 8.00 | 76.00 | 84.00 | OK | |
r-oldrel-macos-arm64 | 1.1.1 | 45.00 | OK | |||
r-oldrel-macos-x86_64 | 1.1.1 | 76.00 | OK | |||
r-oldrel-windows-x86_64 | 1.1.1 | 9.00 | 71.00 | 80.00 | OK |
Version: 1.1.1
Check: Rd cross-references
Result: NOTE
Undeclared package ‘hyperSpec’ in Rd xrefs
Flavor: r-devel-linux-x86_64-fedora-clang