Last updated on 2023-12-11 12:52:03 CET.
Flavor | Version | Tinstall | Tcheck | Ttotal | Status | Flags |
---|---|---|---|---|---|---|
r-devel-linux-x86_64-debian-clang | 0.1.2 | 23.13 | 211.38 | 234.51 | NOTE | |
r-devel-linux-x86_64-debian-gcc | 0.1.2 | 17.86 | 153.63 | 171.49 | NOTE | |
r-devel-linux-x86_64-fedora-clang | 0.1.2 | 313.10 | NOTE | |||
r-devel-linux-x86_64-fedora-gcc | 0.1.2 | 271.77 | NOTE | |||
r-devel-windows-x86_64 | 0.1.2 | 19.00 | 144.00 | 163.00 | NOTE | |
r-patched-linux-x86_64 | 0.1.2 | 19.55 | 196.00 | 215.55 | NOTE | |
r-release-linux-x86_64 | 0.1.2 | 18.50 | 197.18 | 215.68 | NOTE | |
r-release-macos-arm64 | 0.1.2 | 78.00 | NOTE | |||
r-release-macos-x86_64 | 0.1.2 | 129.00 | NOTE | |||
r-release-windows-x86_64 | 0.1.2 | 25.00 | 178.00 | 203.00 | NOTE | |
r-oldrel-macos-arm64 | 0.1.2 | 71.00 | NOTE | |||
r-oldrel-macos-x86_64 | 0.1.2 | 98.00 | NOTE | |||
r-oldrel-windows-x86_64 | 0.1.2 | 27.00 | 180.00 | 207.00 | NOTE |
Version: 0.1.2
Check: LazyData
Result: NOTE
'LazyData' is specified without a 'data' directory
Flavors: r-devel-linux-x86_64-debian-clang, r-devel-linux-x86_64-debian-gcc, r-devel-linux-x86_64-fedora-clang, r-devel-linux-x86_64-fedora-gcc, r-devel-windows-x86_64, r-patched-linux-x86_64, r-release-linux-x86_64, r-release-macos-arm64, r-release-macos-x86_64, r-release-windows-x86_64, r-oldrel-macos-arm64, r-oldrel-macos-x86_64, r-oldrel-windows-x86_64