CRAN Package Check Results for Package algorithmia

Last updated on 2022-08-12 11:50:40 CEST.

Flavor Version Tinstall Tcheck Ttotal Status Flags
r-devel-linux-x86_64-debian-clang 0.3.0 2.68 29.46 32.14 NOTE
r-devel-linux-x86_64-debian-gcc 0.3.0 3.49 23.42 26.91 NOTE
r-devel-linux-x86_64-fedora-clang 0.3.0 50.97 NOTE
r-devel-linux-x86_64-fedora-gcc 0.3.0 50.16 NOTE
r-devel-windows-x86_64 0.3.0 64.00 56.00 120.00 NOTE
r-patched-linux-x86_64 0.3.0 4.12 28.15 32.27 NOTE
r-release-linux-x86_64 0.3.0 4.11 28.37 32.48 NOTE
r-release-macos-arm64 0.3.0 19.00 NOTE
r-release-macos-x86_64 0.3.0 26.00 NOTE
r-release-windows-x86_64 0.3.0 37.00 54.00 91.00 NOTE
r-oldrel-macos-arm64 0.3.0 27.00 NOTE
r-oldrel-macos-x86_64 0.3.0 26.00 NOTE
r-oldrel-windows-ix86+x86_64 0.3.0 12.00 45.00 57.00 NOTE

Check Details

Version: 0.3.0
Check: LazyData
Result: NOTE
     'LazyData' is specified without a 'data' directory
Flavors: r-devel-linux-x86_64-debian-clang, r-devel-linux-x86_64-debian-gcc, r-devel-linux-x86_64-fedora-clang, r-devel-linux-x86_64-fedora-gcc, r-devel-windows-x86_64, r-patched-linux-x86_64, r-release-linux-x86_64, r-release-macos-arm64, r-release-macos-x86_64, r-release-windows-x86_64, r-oldrel-macos-arm64, r-oldrel-macos-x86_64, r-oldrel-windows-ix86+x86_64