CRAN Package Check Results for Package alfr

Last updated on 2023-10-01 03:54:31 CEST.

Flavor Version Tinstall Tcheck Ttotal Status Flags
r-devel-linux-x86_64-debian-clang 1.2.1 4.11 37.64 41.75 NOTE
r-devel-linux-x86_64-debian-gcc 1.2.1 2.95 29.44 32.39 NOTE
r-devel-linux-x86_64-fedora-clang 1.2.1 51.37 NOTE
r-devel-linux-x86_64-fedora-gcc 1.2.1 64.46 NOTE
r-devel-windows-x86_64 1.2.1 5.00 69.00 74.00 NOTE
r-patched-linux-x86_64 1.2.1 2.85 36.76 39.61 NOTE
r-release-linux-x86_64 1.2.1 3.04 37.43 40.47 NOTE
r-release-macos-arm64 1.2.1 27.00 NOTE
r-release-macos-x86_64 1.2.1 49.00 NOTE
r-release-windows-x86_64 1.2.1 6.00 69.00 75.00 NOTE
r-oldrel-macos-arm64 1.2.1 18.00 NOTE
r-oldrel-macos-x86_64 1.2.1 26.00 NOTE
r-oldrel-windows-x86_64 1.2.1 6.00 70.00 76.00 NOTE

Check Details

Version: 1.2.1
Check: LazyData
Result: NOTE
     'LazyData' is specified without a 'data' directory
Flavors: r-devel-linux-x86_64-debian-clang, r-devel-linux-x86_64-debian-gcc, r-devel-linux-x86_64-fedora-clang, r-devel-linux-x86_64-fedora-gcc, r-devel-windows-x86_64, r-patched-linux-x86_64, r-release-linux-x86_64, r-release-macos-arm64, r-release-macos-x86_64, r-release-windows-x86_64, r-oldrel-macos-arm64, r-oldrel-macos-x86_64, r-oldrel-windows-x86_64