Last updated on 2023-09-21 19:53:34 CEST.
Flavor | Version | Tinstall | Tcheck | Ttotal | Status | Flags |
---|---|---|---|---|---|---|
r-devel-linux-x86_64-debian-clang | 0.3-6 | 11.24 | 286.18 | 297.42 | NOTE | |
r-devel-linux-x86_64-debian-gcc | 0.3-6 | 9.61 | 212.03 | 221.64 | NOTE | |
r-devel-linux-x86_64-fedora-clang | 0.3-6 | 352.86 | NOTE | |||
r-devel-linux-x86_64-fedora-gcc | 0.3-6 | 355.71 | NOTE | |||
r-devel-windows-x86_64 | 0.3-6 | 11.00 | 223.00 | 234.00 | NOTE | |
r-patched-linux-x86_64 | 0.3-6 | 17.57 | 277.25 | 294.82 | OK | |
r-release-linux-x86_64 | 0.3-6 | 10.79 | 274.03 | 284.82 | OK | |
r-release-macos-arm64 | 0.3-6 | 89.00 | OK | |||
r-release-macos-x86_64 | 0.3-6 | 240.00 | OK | |||
r-release-windows-x86_64 | 0.3-6 | 10.00 | 290.00 | 300.00 | OK | |
r-oldrel-macos-arm64 | 0.3-6 | 88.00 | OK | |||
r-oldrel-macos-x86_64 | 0.3-6 | 136.00 | OK | |||
r-oldrel-windows-x86_64 | 0.3-6 | 14.00 | 282.00 | 296.00 | NOTE |
Version: 0.3-6
Check: Rd \usage sections
Result: NOTE
Objects in \usage without \alias in documentation object 'cmf':
‘fitted.cmf’
Functions with \usage entries need to have the appropriate \alias
entries, and all their arguments documented.
The \usage entries must correspond to syntactically valid R code.
See chapter ‘Writing R documentation files’ in the ‘Writing R
Extensions’ manual.
Flavors: r-devel-linux-x86_64-debian-clang, r-devel-linux-x86_64-debian-gcc, r-devel-linux-x86_64-fedora-clang, r-devel-linux-x86_64-fedora-gcc, r-devel-windows-x86_64
Version: 0.3-6
Check: HTML version of manual
Result: NOTE
Found the following problems:
absindex.Rd:203:1: Warning: trimming empty <p>
feemindex.Rd:300:1: Warning: trimming empty <p>
feemscatter.Rd:322:1: Warning: trimming empty <p>
feemsplithalf.Rd:366:1: Warning: trimming empty <p>
whittaker2.Rd:412:1: Warning: trimming empty <p>
Flavor: r-oldrel-windows-x86_64