Last updated on 2023-10-01 03:54:31 CEST.
Flavor | Version | Tinstall | Tcheck | Ttotal | Status | Flags |
---|---|---|---|---|---|---|
r-devel-linux-x86_64-debian-clang | 1.2.1 | 65.97 | 660.52 | 726.49 | NOTE | |
r-devel-linux-x86_64-debian-gcc | 1.2.1 | 51.35 | 501.92 | 553.27 | NOTE | |
r-devel-linux-x86_64-fedora-clang | 1.3.0 | 904.75 | OK | |||
r-devel-linux-x86_64-fedora-gcc | 1.2.1 | 946.51 | NOTE | |||
r-devel-windows-x86_64 | 1.2.1 | 57.00 | 621.00 | 678.00 | NOTE | |
r-patched-linux-x86_64 | 1.2.1 | 66.75 | 631.59 | 698.34 | NOTE | |
r-release-linux-x86_64 | 1.2.1 | 46.57 | 626.77 | 673.34 | NOTE | |
r-release-macos-arm64 | 1.3.0 | 235.00 | OK | |||
r-release-macos-x86_64 | 1.3.0 | 560.00 | OK | |||
r-release-windows-x86_64 | 1.2.1 | 77.00 | 689.00 | 766.00 | NOTE | |
r-oldrel-macos-arm64 | 1.3.0 | 204.00 | OK | |||
r-oldrel-macos-x86_64 | 1.2.1 | 262.00 | OK | |||
r-oldrel-windows-x86_64 | 1.2.1 | 73.00 | 636.00 | 709.00 | OK |
Version: 1.2.1
Check: C++ specification
Result: NOTE
Specified C++11: please drop specification unless essential
Flavors: r-devel-linux-x86_64-debian-clang, r-devel-linux-x86_64-debian-gcc, r-devel-linux-x86_64-fedora-gcc, r-devel-windows-x86_64, r-patched-linux-x86_64, r-release-linux-x86_64, r-release-windows-x86_64