CRAN Package Check Results for Package akmbiclust

Last updated on 2024-05-20 19:51:19 CEST.

Flavor Version Tinstall Tcheck Ttotal Status Flags
r-devel-linux-x86_64-debian-clang 0.1.0 2.36 22.37 24.73 NOTE
r-devel-linux-x86_64-debian-gcc 0.1.0 1.59 17.25 18.84 NOTE
r-devel-linux-x86_64-fedora-clang 0.1.0 30.66 NOTE
r-devel-linux-x86_64-fedora-gcc 0.1.0 28.87 NOTE
r-devel-windows-x86_64 0.1.0 4.00 35.00 39.00 NOTE
r-patched-linux-x86_64 0.1.0 1.94 21.83 23.77 NOTE
r-release-linux-x86_64 0.1.0 1.58 21.78 23.36 NOTE
r-release-macos-arm64 0.1.0 14.00 NOTE
r-release-windows-x86_64 0.1.0 3.00 36.00 39.00 NOTE
r-oldrel-macos-arm64 0.1.0 15.00 NOTE
r-oldrel-macos-x86_64 0.1.0 19.00 NOTE
r-oldrel-windows-x86_64 0.1.0 3.00 36.00 39.00 NOTE

Check Details

Version: 0.1.0
Check: LazyData
Result: NOTE 'LazyData' is specified without a 'data' directory Flavors: r-devel-linux-x86_64-debian-clang, r-devel-linux-x86_64-debian-gcc, r-devel-linux-x86_64-fedora-clang, r-devel-linux-x86_64-fedora-gcc, r-devel-windows-x86_64, r-patched-linux-x86_64, r-release-linux-x86_64, r-release-macos-arm64, r-release-windows-x86_64, r-oldrel-macos-arm64, r-oldrel-macos-x86_64, r-oldrel-windows-x86_64