Last updated on 2023-12-08 17:50:53 CET.
Flavor | Version | Tinstall | Tcheck | Ttotal | Status | Flags |
---|---|---|---|---|---|---|
r-devel-linux-x86_64-debian-clang | 0.6-3.4 | 14.89 | 40.26 | 55.15 | NOTE | |
r-devel-linux-x86_64-debian-gcc | 0.6-3.4 | 8.63 | 31.87 | 40.50 | NOTE | |
r-devel-linux-x86_64-fedora-clang | 0.6-3.4 | 69.01 | OK | |||
r-devel-linux-x86_64-fedora-gcc | 0.6-3.4 | 65.56 | OK | |||
r-devel-windows-x86_64 | 0.6-3.4 | 13.00 | 58.00 | 71.00 | OK | |
r-patched-linux-x86_64 | 0.6-3.4 | 12.21 | 40.82 | 53.03 | OK | |
r-release-linux-x86_64 | 0.6-3.4 | 12.92 | 40.81 | 53.73 | OK | |
r-release-macos-arm64 | 0.6-3.4 | 33.00 | OK | |||
r-release-macos-x86_64 | 0.6-3.4 | 49.00 | NOTE | |||
r-release-windows-x86_64 | 0.6-3.4 | 15.00 | 60.00 | 75.00 | OK | |
r-oldrel-macos-arm64 | 0.6-3.4 | 29.00 | OK | |||
r-oldrel-macos-x86_64 | 0.6-3.4 | 36.00 | OK | |||
r-oldrel-windows-x86_64 | 0.6-3.4 | 16.00 | 74.00 | 90.00 | OK |
Version: 0.6-3.4
Check: Rd files
Result: NOTE
checkRd: (-1) interpp.Rd:119: Lost braces
119 | If \code{linear} is \\code{TRUE}, linear
| ^
Flavors: r-devel-linux-x86_64-debian-clang, r-devel-linux-x86_64-debian-gcc
Version: 0.6-3.4
Check: package dependencies
Result: NOTE
Package which this enhances but not available for checking: ‘tripack’
Flavor: r-release-macos-x86_64
Version: 0.6-3.4
Check: Rd cross-references
Result: NOTE
Package unavailable to check Rd xrefs: ‘tripack’
Flavor: r-release-macos-x86_64