CRAN Package Check Results for Package ajv

Last updated on 2021-06-25 00:49:30 CEST.

Flavor Version Tinstall Tcheck Ttotal Status Flags
r-devel-linux-x86_64-debian-clang 1.0.0 2.45 32.03 34.48 NOTE
r-devel-linux-x86_64-debian-gcc 1.0.0 2.19 24.88 27.07 NOTE
r-devel-linux-x86_64-fedora-clang 1.0.0 51.53 NOTE
r-devel-linux-x86_64-fedora-gcc 1.0.0 41.84 NOTE
r-devel-windows-x86_64 1.0.0 6.00 48.00 54.00 NOTE
r-devel-windows-x86_64-gcc10-UCRT 1.0.0 NOTE
r-patched-linux-x86_64 1.0.0 2.85 31.02 33.87 NOTE
r-patched-solaris-x86 1.0.0 62.60 NOTE
r-release-linux-x86_64 1.0.0 2.74 30.80 33.54 NOTE
r-release-macos-arm64 1.0.0 NOTE
r-release-macos-x86_64 1.0.0 NOTE
r-release-windows-ix86+x86_64 1.0.0 9.00 45.00 54.00 NOTE
r-oldrel-macos-x86_64 1.0.0 OK
r-oldrel-windows-ix86+x86_64 1.0.0 9.00 60.00 69.00 OK

Check Details

Version: 1.0.0
Check: LazyData
Result: NOTE
     'LazyData' is specified without a 'data' directory
Flavors: r-devel-linux-x86_64-debian-clang, r-devel-linux-x86_64-debian-gcc, r-devel-linux-x86_64-fedora-clang, r-devel-linux-x86_64-fedora-gcc, r-devel-windows-x86_64, r-devel-windows-x86_64-gcc10-UCRT, r-patched-linux-x86_64, r-patched-solaris-x86, r-release-linux-x86_64, r-release-macos-arm64, r-release-macos-x86_64, r-release-windows-ix86+x86_64