CRAN Package Check Results for Package airportr

Last updated on 2019-02-21 07:48:26 CET.

Flavor Version Tinstall Tcheck Ttotal Status Flags
r-devel-linux-x86_64-debian-clang 0.1.2 3.18 36.17 39.35 OK
r-devel-linux-x86_64-debian-gcc 0.1.2 2.24 27.89 30.13 OK
r-devel-linux-x86_64-fedora-clang 0.1.2 48.99 NOTE
r-devel-linux-x86_64-fedora-gcc 0.1.2 44.99 NOTE
r-devel-windows-ix86+x86_64 0.1.2 9.00 61.00 70.00 OK
r-patched-linux-x86_64 0.1.2 OK
r-patched-solaris-x86 0.1.2 65.00 NOTE
r-release-linux-x86_64 0.1.2 OK
r-release-windows-ix86+x86_64 0.1.2 5.00 62.00 67.00 OK
r-release-osx-x86_64 0.1.2 NOTE
r-oldrel-windows-ix86+x86_64 0.1.2 6.00 52.00 58.00 OK
r-oldrel-osx-x86_64 0.1.2 NOTE

Check Details

Version: 0.1.2
Check: data for non-ASCII characters
Result: NOTE
     Note: found 676 marked UTF-8 strings
Flavors: r-devel-linux-x86_64-fedora-clang, r-devel-linux-x86_64-fedora-gcc, r-patched-solaris-x86, r-release-osx-x86_64, r-oldrel-osx-x86_64