CRAN Package Check Results for Package airportr

Last updated on 2019-08-19 20:46:09 CEST.

Flavor Version Tinstall Tcheck Ttotal Status Flags
r-devel-linux-x86_64-debian-clang 0.1.2 4.10 35.53 39.63 NOTE
r-devel-linux-x86_64-debian-gcc 0.1.2 3.71 28.62 32.33 NOTE
r-devel-linux-x86_64-fedora-clang 0.1.2 49.17 NOTE
r-devel-linux-x86_64-fedora-gcc 0.1.2 46.73 NOTE
r-devel-windows-ix86+x86_64 0.1.2 17.00 68.00 85.00 NOTE
r-patched-linux-x86_64 0.1.2 3.84 34.55 38.39 OK
r-patched-solaris-x86 0.1.2 72.30 NOTE
r-release-linux-x86_64 0.1.2 3.84 34.09 37.93 OK
r-release-windows-ix86+x86_64 0.1.2 9.00 50.00 59.00 OK
r-release-osx-x86_64 0.1.2 NOTE
r-oldrel-windows-ix86+x86_64 0.1.2 9.00 74.00 83.00 OK
r-oldrel-osx-x86_64 0.1.2 NOTE

Check Details

Version: 0.1.2
Check: package vignettes
Result: NOTE
    Package vignette with placeholder title 'Vignette Title':
     'Introduction_to_Airportr.Rmd'
Flavors: r-devel-linux-x86_64-debian-clang, r-devel-linux-x86_64-debian-gcc, r-devel-windows-ix86+x86_64

Version: 0.1.2
Check: data for non-ASCII characters
Result: NOTE
     Note: found 676 marked UTF-8 strings
Flavors: r-devel-linux-x86_64-fedora-clang, r-devel-linux-x86_64-fedora-gcc, r-patched-solaris-x86, r-release-osx-x86_64, r-oldrel-osx-x86_64