CRAN Package Check Results for Package airportr

Last updated on 2019-04-24 14:47:16 CEST.

Flavor Version Tinstall Tcheck Ttotal Status Flags
r-devel-linux-x86_64-debian-clang 0.1.2 4.02 35.31 39.33 OK
r-devel-linux-x86_64-debian-gcc 0.1.2 3.30 27.66 30.96 OK
r-devel-linux-x86_64-fedora-clang 0.1.2 47.00 NOTE
r-devel-linux-x86_64-fedora-gcc 0.1.2 44.19 NOTE
r-devel-windows-ix86+x86_64 0.1.2 12.00 69.00 81.00 OK
r-patched-linux-x86_64 0.1.2 4.08 34.11 38.19 OK
r-patched-solaris-x86 0.1.2 69.30 NOTE
r-release-linux-x86_64 0.1.2 2.61 32.92 35.53 OK
r-release-windows-ix86+x86_64 0.1.2 6.00 68.00 74.00 OK
r-release-osx-x86_64 0.1.2 NOTE
r-oldrel-windows-ix86+x86_64 0.1.2 8.00 58.00 66.00 OK
r-oldrel-osx-x86_64 0.1.2 NOTE

Check Details

Version: 0.1.2
Check: data for non-ASCII characters
Result: NOTE
     Note: found 676 marked UTF-8 strings
Flavors: r-devel-linux-x86_64-fedora-clang, r-devel-linux-x86_64-fedora-gcc, r-patched-solaris-x86, r-release-osx-x86_64, r-oldrel-osx-x86_64