Last updated on 2023-12-11 05:51:43 CET.
Flavor | Version | Tinstall | Tcheck | Ttotal | Status | Flags |
---|---|---|---|---|---|---|
r-devel-linux-x86_64-debian-clang | 0.1.0 | 3.85 | 41.97 | 45.82 | NOTE | |
r-devel-linux-x86_64-debian-gcc | 0.1.0 | 2.96 | 32.25 | 35.21 | NOTE | |
r-devel-linux-x86_64-fedora-clang | 0.1.0 | 55.32 | OK | |||
r-devel-linux-x86_64-fedora-gcc | 0.1.0 | 52.76 | OK | |||
r-devel-windows-x86_64 | 0.1.0 | 4.00 | 52.00 | 56.00 | OK | |
r-patched-linux-x86_64 | 0.1.0 | 3.55 | 41.30 | 44.85 | OK | |
r-release-linux-x86_64 | 0.1.0 | 3.01 | 40.82 | 43.83 | OK | |
r-release-macos-arm64 | 0.1.0 | 22.00 | OK | |||
r-release-macos-x86_64 | 0.1.0 | 31.00 | OK | |||
r-release-windows-x86_64 | 0.1.0 | 6.00 | 56.00 | 62.00 | OK | |
r-oldrel-macos-arm64 | 0.1.0 | 26.00 | OK | |||
r-oldrel-macos-x86_64 | 0.1.0 | 29.00 | OK | |||
r-oldrel-windows-x86_64 | 0.1.0 | 5.00 | 59.00 | 64.00 | OK |
Version: 0.1.0
Check: Rd files
Result: NOTE
checkRd: (-1) get_airnow_area.Rd:25: Lost braces; missing escapes or markup?
25 | \item{parameters}{Parameter(s) to return data for. Choices are PM_{2.5}
| ^
Flavors: r-devel-linux-x86_64-debian-clang, r-devel-linux-x86_64-debian-gcc