CRAN Package Check Results for Package aire.zmvm

Last updated on 2024-07-17 23:53:09 CEST.

Flavor Version Tinstall Tcheck Ttotal Status Flags
r-devel-linux-x86_64-debian-clang 1.0.0 9.59 84.37 93.96 OK
r-devel-linux-x86_64-debian-gcc 1.0.0 7.31 61.02 68.33 OK
r-devel-linux-x86_64-fedora-clang 1.0.0 118.18 NOTE
r-devel-linux-x86_64-fedora-gcc 1.0.0 109.50 NOTE
r-devel-windows-x86_64 1.0.0 10.00 79.00 89.00 OK
r-patched-linux-x86_64 1.0.0 10.54 79.64 90.18 OK
r-release-linux-x86_64 1.0.0 10.39 80.34 90.73 OK
r-release-macos-arm64 1.0.0 44.00 OK
r-release-macos-x86_64 1.0.0 81.00 OK
r-release-windows-x86_64 1.0.0 11.00 80.00 91.00 OK
r-oldrel-macos-arm64 1.0.0 47.00 OK
r-oldrel-macos-x86_64 1.0.0 71.00 OK
r-oldrel-windows-x86_64 1.0.0 13.00 94.00 107.00 OK

Check Details

Version: 1.0.0
Check: data for non-ASCII characters
Result: NOTE Note: found 53 marked UTF-8 strings Flavors: r-devel-linux-x86_64-fedora-clang, r-devel-linux-x86_64-fedora-gcc