Last updated on 2023-09-27 04:10:25 CEST.
Flavor | Version | Tinstall | Tcheck | Ttotal | Status | Flags |
---|---|---|---|---|---|---|
r-devel-linux-x86_64-debian-clang | 0.8.2 | 9.35 | 79.30 | 88.65 | NOTE | |
r-devel-linux-x86_64-debian-gcc | 0.8.2 | 7.15 | 58.25 | 65.40 | NOTE | |
r-devel-linux-x86_64-fedora-clang | 0.8.2 | 108.06 | NOTE | |||
r-devel-linux-x86_64-fedora-gcc | 0.8.2 | 96.87 | NOTE | |||
r-devel-windows-x86_64 | 0.8.2 | 9.00 | 81.00 | 90.00 | NOTE | |
r-patched-linux-x86_64 | 0.8.2 | 9.93 | 75.56 | 85.49 | OK | |
r-release-linux-x86_64 | 0.8.2 | 9.12 | 74.04 | 83.16 | OK | |
r-release-macos-arm64 | 0.8.2 | 36.00 | OK | |||
r-release-macos-x86_64 | 0.8.2 | 54.00 | OK | |||
r-release-windows-x86_64 | 0.8.2 | 13.00 | 89.00 | 102.00 | OK | |
r-oldrel-macos-arm64 | 0.8.2 | 34.00 | NOTE | |||
r-oldrel-macos-x86_64 | 0.8.2 | 63.00 | NOTE | |||
r-oldrel-windows-x86_64 | 0.8.2 | 13.00 | 92.00 | 105.00 | OK |
Version: 0.8.2
Check: Rd metadata
Result: NOTE
Invalid package aliases in Rd file 'aire.zmvm-deprecated.Rd':
‘aire.zmvm-deprecated-package’
Flavors: r-devel-linux-x86_64-debian-clang, r-devel-linux-x86_64-debian-gcc, r-devel-linux-x86_64-fedora-clang, r-devel-linux-x86_64-fedora-gcc, r-devel-windows-x86_64
Version: 0.8.2
Check: data for non-ASCII characters
Result: NOTE
Note: found 53 marked UTF-8 strings
Flavors: r-devel-linux-x86_64-fedora-clang, r-devel-linux-x86_64-fedora-gcc, r-oldrel-macos-arm64, r-oldrel-macos-x86_64